{"id":307,"date":"2013-10-22T21:47:00","date_gmt":"2013-10-22T19:47:00","guid":{"rendered":"https:\/\/www.sgeaj.ch\/?page_id=307"},"modified":"2025-10-23T09:40:47","modified_gmt":"2025-10-23T07:40:47","slug":"organisation","status":"publish","type":"page","link":"https:\/\/www.sgeaj.ch\/fr\/sseds\/organisation\/","title":{"rendered":"Organisation"},"content":{"rendered":"<div class=\"wpb-content-wrapper\"><p>[vc_row][vc_column][vc_column_text]Diff\u00e9rents organes g\u00e8rent les affaires de la soci\u00e9t\u00e9 :<\/p>\n<p><strong>Assembl\u00e9e g\u00e9n\u00e9rale<\/strong><br \/>\nL&rsquo;assembl\u00e9e g\u00e9n\u00e9rale a lieu chaque automne et est g\u00e9n\u00e9ralement accompagn\u00e9e d&rsquo;un programme scientifique ou culturel.<\/p>\n<p><strong>Commission<\/strong><br \/>\nLa commission g\u00e8re les affaires courantes de la soci\u00e9t\u00e9. Elle est repr\u00e9sent\u00e9e par la pr\u00e9sidente, le vice-pr\u00e9sident, la pr\u00e9sidente de la Commission pour l&rsquo;\u00e9tude du XVIIIe si\u00e8cle et des Lumi\u00e8res en Suisse \u00e0 la SAGW (Commission de l&rsquo;Acad\u00e9mie), ainsi que la secr\u00e9taire et le questeur.<\/p>\n<p><strong>Comit\u00e9<\/strong><br \/>\nLes membres du comit\u00e9 sont par ordre alphab\u00e9tique :<\/p>\n<ul style=\"list-style-type: disc;\">\n<li>Prof. Dr. Simona Boscani Leoni, Universit\u00e9 de Lausanne, <em>vice-pr\u00e9sidente<\/em><\/li>\n<li>Prof. Dr. Claire Gantet, Universit\u00e9 de Fribourg<\/li>\n<li>Prof. Dr. B\u00e9la Kapossy, Universit\u00e9 de Lausanne<\/li>\n<li>Prof. ass. Dr. Timoth\u00e9e L\u00e9chot, Universit\u00e9 de Fribourg, <em>pr\u00e9sident<\/em><\/li>\n<li>Dr. B\u00e9atrice Lovis, Universit\u00e9 de Lausanne<\/li>\n<li>Dr. Miriam Nicoli, Universit\u00e4t Bern<\/li>\n<li>Prof. Dr. Adrien Paschoud, Universit\u00e9 de Lausanne<\/li>\n<li>Dr. Guillaume Poisson, Universit\u00e9 de Lausanne,\u00a0<em>membre du comit\u00e9 directeur de la SIEDS<\/em> et <em>pr\u00e9sidente de la commission acad\u00e9mique (ASSH)<\/em><\/li>\n<li>Dr. B\u00e9rang\u00e8re Poulain, Universit\u00e9 de Gen\u00e8ve, <em>tr\u00e9sori\u00e8re<\/em><\/li>\n<li>M.A. Mich\u00e8le Steiner, Universit\u00e4t Basel, <em>secr\u00e9taire et webmaster<\/em><\/li>\n<li>Prof. Dr. med. Dr. phil. Hubert Steinke, Universit\u00e4t Bern<\/li>\n<li>Prof. Dr. Nadir Weber, Universit\u00e4t Bern<\/li>\n<li>Prof. Dr. Andreas W\u00fcrgler, Universit\u00e9 de Gen\u00e8ve<\/li>\n<\/ul>\n<p>Les responsabilit\u00e9s des diff\u00e9rents organes sont d\u00e9finies plus en d\u00e9tail dans les <a href=\"https:\/\/www.sgeaj.ch\/wp-content\/uploads\/2013\/10\/Statuts_SSEDS2.pdf\">statuts<\/a>.[\/vc_column_text][\/vc_column][\/vc_row]<\/p>\n<\/div>","protected":false},"excerpt":{"rendered":"<p>[vc_row][vc_column][vc_column_text]Diff\u00e9rents organes g\u00e8rent les affaires de la soci\u00e9t\u00e9 : Assembl\u00e9e g\u00e9n\u00e9rale L&rsquo;assembl\u00e9e g\u00e9n\u00e9rale a lieu chaque automne et est g\u00e9n\u00e9ralement accompagn\u00e9e d&rsquo;un programme scientifique ou culturel. Commission La commission g\u00e8re les affaires courantes de la soci\u00e9t\u00e9. Elle est repr\u00e9sent\u00e9e par la pr\u00e9sidente, le vice-pr\u00e9sident, la pr\u00e9sidente de la Commission pour l&rsquo;\u00e9tude du XVIIIe si\u00e8cle et [&hellip;]<\/p>\n","protected":false},"author":2,"featured_media":3772,"parent":42,"menu_order":1,"comment_status":"closed","ping_status":"closed","template":"","meta":{"footnotes":""},"class_list":["post-307","page","type-page","status-publish","has-post-thumbnail","czr-hentry"],"yoast_head":"<!-- This site is optimized with the Yoast SEO plugin v26.9 - https:\/\/yoast.com\/product\/yoast-seo-wordpress\/ -->\n<title>Organisation - Schweizerische Gesellschaft f\u00fcr die Erforschung des 18. Jahrhunderts (SGEAJ - SSEDS)<\/title>\n<meta name=\"robots\" content=\"index, follow, max-snippet:-1, max-image-preview:large, max-video-preview:-1\" \/>\n<link rel=\"canonical\" href=\"https:\/\/www.sgeaj.ch\/fr\/sseds\/organisation\/\" \/>\n<meta name=\"twitter:label1\" content=\"Dur\u00e9e de lecture estim\u00e9e\" \/>\n\t<meta name=\"twitter:data1\" content=\"2 minutes\" \/>\n<script type=\"application\/ld+json\" class=\"yoast-schema-graph\">{\"@context\":\"https:\/\/schema.org\",\"@graph\":[{\"@type\":\"WebPage\",\"@id\":\"https:\/\/www.sgeaj.ch\/fr\/sseds\/organisation\/\",\"url\":\"https:\/\/www.sgeaj.ch\/fr\/sseds\/organisation\/\",\"name\":\"Organisation - Schweizerische Gesellschaft f\u00fcr die Erforschung des 18. Jahrhunderts (SGEAJ - SSEDS)\",\"isPartOf\":{\"@id\":\"https:\/\/www.sgeaj.ch\/fr\/#website\"},\"primaryImageOfPage\":{\"@id\":\"https:\/\/www.sgeaj.ch\/fr\/sseds\/organisation\/#primaryimage\"},\"image\":{\"@id\":\"https:\/\/www.sgeaj.ch\/fr\/sseds\/organisation\/#primaryimage\"},\"thumbnailUrl\":\"https:\/\/www.sgeaj.ch\/wp-content\/uploads\/2019\/03\/2019.05-Haller-plateform-Workshop.png\",\"datePublished\":\"2013-10-22T19:47:00+00:00\",\"dateModified\":\"2025-10-23T07:40:47+00:00\",\"breadcrumb\":{\"@id\":\"https:\/\/www.sgeaj.ch\/fr\/sseds\/organisation\/#breadcrumb\"},\"inLanguage\":\"fr-FR\",\"potentialAction\":[{\"@type\":\"ReadAction\",\"target\":[\"https:\/\/www.sgeaj.ch\/fr\/sseds\/organisation\/\"]}]},{\"@type\":\"ImageObject\",\"inLanguage\":\"fr-FR\",\"@id\":\"https:\/\/www.sgeaj.ch\/fr\/sseds\/organisation\/#primaryimage\",\"url\":\"https:\/\/www.sgeaj.ch\/wp-content\/uploads\/2019\/03\/2019.05-Haller-plateform-Workshop.png\",\"contentUrl\":\"https:\/\/www.sgeaj.ch\/wp-content\/uploads\/2019\/03\/2019.05-Haller-plateform-Workshop.png\",\"width\":551,\"height\":733},{\"@type\":\"BreadcrumbList\",\"@id\":\"https:\/\/www.sgeaj.ch\/fr\/sseds\/organisation\/#breadcrumb\",\"itemListElement\":[{\"@type\":\"ListItem\",\"position\":1,\"name\":\"Qui nous sommes\",\"item\":\"https:\/\/www.sgeaj.ch\/fr\/sseds\/\"},{\"@type\":\"ListItem\",\"position\":2,\"name\":\"Organisation\"}]},{\"@type\":\"WebSite\",\"@id\":\"https:\/\/www.sgeaj.ch\/fr\/#website\",\"url\":\"https:\/\/www.sgeaj.ch\/fr\/\",\"name\":\"Schweizerische Gesellschaft f\u00fcr die Erforschung des 18. Jahrhunderts (SGEAJ - SSEDS)\",\"description\":\"Schweizerische Gesellschaft f\u00fcr die Erforschung des 18. Jahrhunderts\",\"publisher\":{\"@id\":\"https:\/\/www.sgeaj.ch\/fr\/#organization\"},\"potentialAction\":[{\"@type\":\"SearchAction\",\"target\":{\"@type\":\"EntryPoint\",\"urlTemplate\":\"https:\/\/www.sgeaj.ch\/fr\/?s={search_term_string}\"},\"query-input\":{\"@type\":\"PropertyValueSpecification\",\"valueRequired\":true,\"valueName\":\"search_term_string\"}}],\"inLanguage\":\"fr-FR\"},{\"@type\":\"Organization\",\"@id\":\"https:\/\/www.sgeaj.ch\/fr\/#organization\",\"name\":\"Schweizerische Gesellschaft f\u00fcr die Erforschung des 18. Jahrhunderts (SGEAJ - SSEDS)\",\"url\":\"https:\/\/www.sgeaj.ch\/fr\/\",\"logo\":{\"@type\":\"ImageObject\",\"inLanguage\":\"fr-FR\",\"@id\":\"https:\/\/www.sgeaj.ch\/fr\/#\/schema\/logo\/image\/\",\"url\":\"https:\/\/www.sgeaj.ch\/wp-content\/uploads\/2021\/06\/cropped-logo-xviiies-horiz-abreuviations-bleues.png\",\"contentUrl\":\"https:\/\/www.sgeaj.ch\/wp-content\/uploads\/2021\/06\/cropped-logo-xviiies-horiz-abreuviations-bleues.png\",\"width\":659,\"height\":335,\"caption\":\"Schweizerische Gesellschaft f\u00fcr die Erforschung des 18. Jahrhunderts (SGEAJ - SSEDS)\"},\"image\":{\"@id\":\"https:\/\/www.sgeaj.ch\/fr\/#\/schema\/logo\/image\/\"}}]}<\/script>\n<!-- \/ Yoast SEO plugin. -->","yoast_head_json":{"title":"Organisation - Schweizerische Gesellschaft f\u00fcr die Erforschung des 18. Jahrhunderts (SGEAJ - SSEDS)","robots":{"index":"index","follow":"follow","max-snippet":"max-snippet:-1","max-image-preview":"max-image-preview:large","max-video-preview":"max-video-preview:-1"},"canonical":"https:\/\/www.sgeaj.ch\/fr\/sseds\/organisation\/","twitter_misc":{"Dur\u00e9e de lecture estim\u00e9e":"2 minutes"},"schema":{"@context":"https:\/\/schema.org","@graph":[{"@type":"WebPage","@id":"https:\/\/www.sgeaj.ch\/fr\/sseds\/organisation\/","url":"https:\/\/www.sgeaj.ch\/fr\/sseds\/organisation\/","name":"Organisation - Schweizerische Gesellschaft f\u00fcr die Erforschung des 18. Jahrhunderts (SGEAJ - SSEDS)","isPartOf":{"@id":"https:\/\/www.sgeaj.ch\/fr\/#website"},"primaryImageOfPage":{"@id":"https:\/\/www.sgeaj.ch\/fr\/sseds\/organisation\/#primaryimage"},"image":{"@id":"https:\/\/www.sgeaj.ch\/fr\/sseds\/organisation\/#primaryimage"},"thumbnailUrl":"https:\/\/www.sgeaj.ch\/wp-content\/uploads\/2019\/03\/2019.05-Haller-plateform-Workshop.png","datePublished":"2013-10-22T19:47:00+00:00","dateModified":"2025-10-23T07:40:47+00:00","breadcrumb":{"@id":"https:\/\/www.sgeaj.ch\/fr\/sseds\/organisation\/#breadcrumb"},"inLanguage":"fr-FR","potentialAction":[{"@type":"ReadAction","target":["https:\/\/www.sgeaj.ch\/fr\/sseds\/organisation\/"]}]},{"@type":"ImageObject","inLanguage":"fr-FR","@id":"https:\/\/www.sgeaj.ch\/fr\/sseds\/organisation\/#primaryimage","url":"https:\/\/www.sgeaj.ch\/wp-content\/uploads\/2019\/03\/2019.05-Haller-plateform-Workshop.png","contentUrl":"https:\/\/www.sgeaj.ch\/wp-content\/uploads\/2019\/03\/2019.05-Haller-plateform-Workshop.png","width":551,"height":733},{"@type":"BreadcrumbList","@id":"https:\/\/www.sgeaj.ch\/fr\/sseds\/organisation\/#breadcrumb","itemListElement":[{"@type":"ListItem","position":1,"name":"Qui nous sommes","item":"https:\/\/www.sgeaj.ch\/fr\/sseds\/"},{"@type":"ListItem","position":2,"name":"Organisation"}]},{"@type":"WebSite","@id":"https:\/\/www.sgeaj.ch\/fr\/#website","url":"https:\/\/www.sgeaj.ch\/fr\/","name":"Schweizerische Gesellschaft f\u00fcr die Erforschung des 18. Jahrhunderts (SGEAJ - SSEDS)","description":"Schweizerische Gesellschaft f\u00fcr die Erforschung des 18. Jahrhunderts","publisher":{"@id":"https:\/\/www.sgeaj.ch\/fr\/#organization"},"potentialAction":[{"@type":"SearchAction","target":{"@type":"EntryPoint","urlTemplate":"https:\/\/www.sgeaj.ch\/fr\/?s={search_term_string}"},"query-input":{"@type":"PropertyValueSpecification","valueRequired":true,"valueName":"search_term_string"}}],"inLanguage":"fr-FR"},{"@type":"Organization","@id":"https:\/\/www.sgeaj.ch\/fr\/#organization","name":"Schweizerische Gesellschaft f\u00fcr die Erforschung des 18. Jahrhunderts (SGEAJ - SSEDS)","url":"https:\/\/www.sgeaj.ch\/fr\/","logo":{"@type":"ImageObject","inLanguage":"fr-FR","@id":"https:\/\/www.sgeaj.ch\/fr\/#\/schema\/logo\/image\/","url":"https:\/\/www.sgeaj.ch\/wp-content\/uploads\/2021\/06\/cropped-logo-xviiies-horiz-abreuviations-bleues.png","contentUrl":"https:\/\/www.sgeaj.ch\/wp-content\/uploads\/2021\/06\/cropped-logo-xviiies-horiz-abreuviations-bleues.png","width":659,"height":335,"caption":"Schweizerische Gesellschaft f\u00fcr die Erforschung des 18. Jahrhunderts (SGEAJ - SSEDS)"},"image":{"@id":"https:\/\/www.sgeaj.ch\/fr\/#\/schema\/logo\/image\/"}}]}},"_links":{"self":[{"href":"https:\/\/www.sgeaj.ch\/fr\/wp-json\/wp\/v2\/pages\/307","targetHints":{"allow":["GET"]}}],"collection":[{"href":"https:\/\/www.sgeaj.ch\/fr\/wp-json\/wp\/v2\/pages"}],"about":[{"href":"https:\/\/www.sgeaj.ch\/fr\/wp-json\/wp\/v2\/types\/page"}],"author":[{"embeddable":true,"href":"https:\/\/www.sgeaj.ch\/fr\/wp-json\/wp\/v2\/users\/2"}],"replies":[{"embeddable":true,"href":"https:\/\/www.sgeaj.ch\/fr\/wp-json\/wp\/v2\/comments?post=307"}],"version-history":[{"count":39,"href":"https:\/\/www.sgeaj.ch\/fr\/wp-json\/wp\/v2\/pages\/307\/revisions"}],"predecessor-version":[{"id":8177,"href":"https:\/\/www.sgeaj.ch\/fr\/wp-json\/wp\/v2\/pages\/307\/revisions\/8177"}],"up":[{"embeddable":true,"href":"https:\/\/www.sgeaj.ch\/fr\/wp-json\/wp\/v2\/pages\/42"}],"wp:featuredmedia":[{"embeddable":true,"href":"https:\/\/www.sgeaj.ch\/fr\/wp-json\/wp\/v2\/media\/3772"}],"wp:attachment":[{"href":"https:\/\/www.sgeaj.ch\/fr\/wp-json\/wp\/v2\/media?parent=307"}],"curies":[{"name":"wp","href":"https:\/\/api.w.org\/{rel}","templated":true}]}}

<div class="wpb-content-wrapper"><p>[vc_row][vc_column][vc_column_text]Différents organes gèrent les affaires de la société :</p>
<p><strong>Assemblée générale</strong><br />
L&rsquo;assemblée générale a lieu chaque automne et est généralement accompagnée d&rsquo;un programme scientifique ou culturel.</p>
<p><strong>Commission</strong><br />
La commission gère les affaires courantes de la société. Elle est représentée par la présidente, le vice-président, la présidente de la Commission pour l&rsquo;étude du XVIIIe siècle et des Lumières en Suisse à la SAGW (Commission de l&rsquo;Académie), ainsi que la secrétaire et le questeur.</p>
<p><strong>Comité</strong><br />
Les membres du comité sont par ordre alphabétique :</p>
<ul style="list-style-type: disc;">
<li>Prof. Dr. Simona Boscani Leoni, Université de Lausanne, <em>vice-présidente</em></li>
<li>Prof. Dr. Claire Gantet, Université de Fribourg</li>
<li>Prof. Dr. Béla Kapossy, Université de Lausanne</li>
<li>Prof. ass. Dr. Timothée Léchot, Université de Fribourg, <em>président</em></li>
<li>Dr. Béatrice Lovis, Université de Lausanne</li>
<li>Dr. Miriam Nicoli, Universität Bern</li>
<li>Prof. Dr. Adrien Paschoud, Université de Lausanne</li>
<li>Dr. Guillaume Poisson, Université de Lausanne, <em>membre du comité directeur de la SIEDS</em> et <em>présidente de la commission académique (ASSH)</em></li>
<li>Dr. Bérangère Poulain, Université de Genève, <em>trésorière</em></li>
<li>M.A. Michèle Steiner, Universität Basel, <em>secrétaire et webmaster</em></li>
<li>Prof. Dr. med. Dr. phil. Hubert Steinke, Universität Bern</li>
<li>Prof. Dr. Nadir Weber, Universität Bern</li>
<li>Prof. Dr. Andreas Würgler, Université de Genève</li>
</ul>
<p>Les responsabilités des différents organes sont définies plus en détail dans les <a href="https://www.sgeaj.ch/wp-content/uploads/2013/10/Statuts_SSEDS2.pdf">statuts</a>.[/vc_column_text][/vc_column][/vc_row]</p>
</div>

<p>[vc_row][vc_column][vc_column_text]Différents organes gèrent les affaires de la société : Assemblée générale L&rsquo;assemblée générale a lieu chaque automne et est généralement accompagnée d&rsquo;un programme scientifique ou culturel. Commission La commission gère les affaires courantes de la société. Elle est représentée par la présidente, le vice-président, la présidente de la Commission pour l&rsquo;étude du XVIIIe siècle et [&hellip;]</p>

<!-- This site is optimized with the Yoast SEO plugin v26.9 - https://yoast.com/product/yoast-seo-wordpress/ -->
<title>Organisation - Schweizerische Gesellschaft für die Erforschung des 18. Jahrhunderts (SGEAJ - SSEDS)</title>
<meta name="robots" content="index, follow, max-snippet:-1, max-image-preview:large, max-video-preview:-1" />
<link rel="canonical" href="https://www.sgeaj.ch/fr/sseds/organisation/" />
<meta name="twitter:label1" content="Durée de lecture estimée" />
	<meta name="twitter:data1" content="2 minutes" />
<script type="application/ld+json" class="yoast-schema-graph">{"@context":"https://schema.org","@graph":[{"@type":"WebPage","@id":"https://www.sgeaj.ch/fr/sseds/organisation/","url":"https://www.sgeaj.ch/fr/sseds/organisation/","name":"Organisation - Schweizerische Gesellschaft für die Erforschung des 18. Jahrhunderts (SGEAJ - SSEDS)","isPartOf":{"@id":"https://www.sgeaj.ch/fr/#website"},"primaryImageOfPage":{"@id":"https://www.sgeaj.ch/fr/sseds/organisation/#primaryimage"},"image":{"@id":"https://www.sgeaj.ch/fr/sseds/organisation/#primaryimage"},"thumbnailUrl":"https://www.sgeaj.ch/wp-content/uploads/2019/03/2019.05-Haller-plateform-Workshop.png","datePublished":"2013-10-22T19:47:00+00:00","dateModified":"2025-10-23T07:40:47+00:00","breadcrumb":{"@id":"https://www.sgeaj.ch/fr/sseds/organisation/#breadcrumb"},"inLanguage":"fr-FR","potentialAction":[{"@type":"ReadAction","target":["https://www.sgeaj.ch/fr/sseds/organisation/"]}]},{"@type":"ImageObject","inLanguage":"fr-FR","@id":"https://www.sgeaj.ch/fr/sseds/organisation/#primaryimage","url":"https://www.sgeaj.ch/wp-content/uploads/2019/03/2019.05-Haller-plateform-Workshop.png","contentUrl":"https://www.sgeaj.ch/wp-content/uploads/2019/03/2019.05-Haller-plateform-Workshop.png","width":551,"height":733},{"@type":"BreadcrumbList","@id":"https://www.sgeaj.ch/fr/sseds/organisation/#breadcrumb","itemListElement":[{"@type":"ListItem","position":1,"name":"Qui nous sommes","item":"https://www.sgeaj.ch/fr/sseds/"},{"@type":"ListItem","position":2,"name":"Organisation"}]},{"@type":"WebSite","@id":"https://www.sgeaj.ch/fr/#website","url":"https://www.sgeaj.ch/fr/","name":"Schweizerische Gesellschaft für die Erforschung des 18. Jahrhunderts (SGEAJ - SSEDS)","description":"Schweizerische Gesellschaft für die Erforschung des 18. Jahrhunderts","publisher":{"@id":"https://www.sgeaj.ch/fr/#organization"},"potentialAction":[{"@type":"SearchAction","target":{"@type":"EntryPoint","urlTemplate":"https://www.sgeaj.ch/fr/?s={search_term_string}"},"query-input":{"@type":"PropertyValueSpecification","valueRequired":true,"valueName":"search_term_string"}}],"inLanguage":"fr-FR"},{"@type":"Organization","@id":"https://www.sgeaj.ch/fr/#organization","name":"Schweizerische Gesellschaft für die Erforschung des 18. Jahrhunderts (SGEAJ - SSEDS)","url":"https://www.sgeaj.ch/fr/","logo":{"@type":"ImageObject","inLanguage":"fr-FR","@id":"https://www.sgeaj.ch/fr/#/schema/logo/image/","url":"https://www.sgeaj.ch/wp-content/uploads/2021/06/cropped-logo-xviiies-horiz-abreuviations-bleues.png","contentUrl":"https://www.sgeaj.ch/wp-content/uploads/2021/06/cropped-logo-xviiies-horiz-abreuviations-bleues.png","width":659,"height":335,"caption":"Schweizerische Gesellschaft für die Erforschung des 18. Jahrhunderts (SGEAJ - SSEDS)"},"image":{"@id":"https://www.sgeaj.ch/fr/#/schema/logo/image/"}}]}</script>
<!-- / Yoast SEO plugin. -->

Organisation - Schweizerische Gesellschaft für die Erforschung des 18. Jahrhunderts (SGEAJ - SSEDS)

Schweizerische Gesellschaft für die Erforschung des 18. Jahrhunderts (SGEAJ - SSEDS)

Schweizerische Gesellschaft für die Erforschung des 18. Jahrhunderts
