{"id":42,"date":"2013-08-20T08:17:01","date_gmt":"2013-08-20T06:17:01","guid":{"rendered":"https:\/\/www.sgeaj.ch\/?page_id=42"},"modified":"2021-04-22T15:33:46","modified_gmt":"2021-04-22T13:33:46","slug":"sseds","status":"publish","type":"page","link":"https:\/\/www.sgeaj.ch\/fr\/sseds\/","title":{"rendered":"Qui nous sommes"},"content":{"rendered":"<div class=\"wpb-content-wrapper\"><p>[vc_row][vc_column][vc_column_text]<\/p>\n<p style=\"text-align: justify;\">Fond\u00e9e en 1991, la Soci\u00e9t\u00e9 suisse pour l\u2019\u00e9tude du XVIII<sup>e<\/sup> si\u00e8cle (SSEDS) soutient et promeut la recherche relative \u00e0 la culture suisse des Lumi\u00e8res. Sous son \u00e9gide paraissent la revue <em>xviii.ch<\/em> et les volumes de la collection Travaux sur la Suisse des Lumi\u00e8res.<br \/>\nLa Soci\u00e9t\u00e9 favorise les \u00e9changes entre ses membres, dont elle soutient les travaux scientifiques, ainsi que la divulgation de toute information ayant trait \u00e0 l&rsquo;\u00e9tat de la recherche dix-huiti\u00e8miste sur un plan national et international. \u00c0 ce propos, elle collabore avec plusieurs institutions et associations suisses et \u00e9trang\u00e8res, en favorisant l&rsquo;\u00e9tude du XVIIIe si\u00e8cle dans une perspective interdisciplinaire.<br \/>\nGr\u00e2ce aux efforts conjoints de la SSEDS et des chercheurs des universit\u00e9s suisses, soutenus par le Fonds national suisse de la recherche scientifique (<a href=\"http:\/\/www.snf.ch\/fr\/Pages\/default.aspx\" target=\"_blank\" rel=\"noopener noreferrer\">FNS<\/a>) ou par l\u2019Acad\u00e9mie suisse des sciences humaines et sociales (<a href=\"http:\/\/www.sagw.ch\/fr\/sagw.html\" target=\"_blank\" rel=\"noopener noreferrer\">ASSH<\/a>), la recherche consacr\u00e9e aux Lumi\u00e8res helv\u00e9tiques a pris pendant ces vingt derni\u00e8res ann\u00e9es une ampleur remarquable (\u00e9ditions de textes, publications de travaux, colloques et conf\u00e9rences, th\u00e8ses de doctorat, expositions et manifestations publiques, etc.).[\/vc_column_text][\/vc_column][\/vc_row][vc_row][vc_column width=\u00a0\u00bb1\/4&Prime;][vc_single_image image=\u00a0\u00bb4121&Prime; img_size=\u00a0\u00bb200&#215;200&Prime; style=\u00a0\u00bbvc_box_border_circle_2&Prime; border_color=\u00a0\u00bbpeacoc\u00a0\u00bb onclick=\u00a0\u00bbcustom_link\u00a0\u00bb title=\u00a0\u00bbhistoire\u00a0\u00bb link=\u00a0\u00bbhttps:\/\/www.sgeaj.ch\/fr\/sseds\/geschichte\/\u00a0\u00bb][\/vc_column][vc_column width=\u00a0\u00bb1\/4&Prime;][vc_single_image image=\u00a0\u00bb3772&Prime; img_size=\u00a0\u00bb200&#215;200&Prime; style=\u00a0\u00bbvc_box_border_circle_2&Prime; border_color=\u00a0\u00bbpeacoc\u00a0\u00bb onclick=\u00a0\u00bbcustom_link\u00a0\u00bb title=\u00a0\u00bborganisation\u00a0\u00bb link=\u00a0\u00bbhttps:\/\/www.sgeaj.ch\/fr\/sseds\/organisation\u00a0\u00bb][\/vc_column][vc_column width=\u00a0\u00bb1\/4&Prime;][vc_single_image image=\u00a0\u00bb4232&Prime; img_size=\u00a0\u00bb200&#215;200&Prime; style=\u00a0\u00bbvc_box_border_circle_2&Prime; border_color=\u00a0\u00bbpeacoc\u00a0\u00bb onclick=\u00a0\u00bbcustom_link\u00a0\u00bb title=\u00a0\u00bbSIEDS\u00a0\u00bb link=\u00a0\u00bbhttps:\/\/www.sgeaj.ch\/fr\/sseds\/sieds\/\u00a0\u00bb][\/vc_column][vc_column width=\u00a0\u00bb1\/4&Prime;][vc_single_image image=\u00a0\u00bb4121&Prime; img_size=\u00a0\u00bb200&#215;200&Prime; style=\u00a0\u00bbvc_box_border_circle_2&Prime; border_color=\u00a0\u00bbpeacoc\u00a0\u00bb onclick=\u00a0\u00bbcustom_link\u00a0\u00bb title=\u00a0\u00bbcontact\u00a0\u00bb link=\u00a0\u00bbhttps:\/\/www.sgeaj.ch\/fr\/sseds\/affiliation\/\u00a0\u00bb][\/vc_column][\/vc_row]<\/p>\n<\/div>","protected":false},"excerpt":{"rendered":"<p>Fond\u00e9e en 1991, la Soci\u00e9t\u00e9 suisse pour l\u2019\u00e9tude du XVIIIe si\u00e8cle (SSEDS) soutient et promeut la recherche relative \u00e0 la culture suisse des Lumi\u00e8res.<\/p>\n","protected":false},"author":2,"featured_media":4121,"parent":0,"menu_order":1,"comment_status":"closed","ping_status":"closed","template":"","meta":{"footnotes":""},"class_list":["post-42","page","type-page","status-publish","has-post-thumbnail","czr-hentry"],"yoast_head":"<!-- This site is optimized with the Yoast SEO plugin v26.9 - https:\/\/yoast.com\/product\/yoast-seo-wordpress\/ -->\n<title>Soci\u00e9t\u00e9 Suisse pour l&#039;\u00c9tude du XVIII\u00e8me Si\u00e8cle<\/title>\n<meta name=\"robots\" content=\"index, follow, max-snippet:-1, max-image-preview:large, max-video-preview:-1\" \/>\n<link rel=\"canonical\" href=\"https:\/\/www.sgeaj.ch\/fr\/sseds\/\" \/>\n<meta name=\"twitter:label1\" content=\"Dur\u00e9e de lecture estim\u00e9e\" \/>\n\t<meta name=\"twitter:data1\" content=\"1 minute\" \/>\n<script type=\"application\/ld+json\" class=\"yoast-schema-graph\">{\"@context\":\"https:\/\/schema.org\",\"@graph\":[{\"@type\":\"WebPage\",\"@id\":\"https:\/\/www.sgeaj.ch\/fr\/sseds\/\",\"url\":\"https:\/\/www.sgeaj.ch\/fr\/sseds\/\",\"name\":\"Soci\u00e9t\u00e9 Suisse pour l'\u00c9tude du XVIII\u00e8me Si\u00e8cle\",\"isPartOf\":{\"@id\":\"https:\/\/www.sgeaj.ch\/fr\/#website\"},\"primaryImageOfPage\":{\"@id\":\"https:\/\/www.sgeaj.ch\/fr\/sseds\/#primaryimage\"},\"image\":{\"@id\":\"https:\/\/www.sgeaj.ch\/fr\/sseds\/#primaryimage\"},\"thumbnailUrl\":\"https:\/\/www.sgeaj.ch\/wp-content\/uploads\/2020\/10\/lumieres-Lausanne.jpg\",\"datePublished\":\"2013-08-20T06:17:01+00:00\",\"dateModified\":\"2021-04-22T13:33:46+00:00\",\"inLanguage\":\"fr-FR\",\"potentialAction\":[{\"@type\":\"ReadAction\",\"target\":[\"https:\/\/www.sgeaj.ch\/fr\/sseds\/\"]}]},{\"@type\":\"ImageObject\",\"inLanguage\":\"fr-FR\",\"@id\":\"https:\/\/www.sgeaj.ch\/fr\/sseds\/#primaryimage\",\"url\":\"https:\/\/www.sgeaj.ch\/wp-content\/uploads\/2020\/10\/lumieres-Lausanne.jpg\",\"contentUrl\":\"https:\/\/www.sgeaj.ch\/wp-content\/uploads\/2020\/10\/lumieres-Lausanne.jpg\",\"width\":1000,\"height\":250},{\"@type\":\"WebSite\",\"@id\":\"https:\/\/www.sgeaj.ch\/fr\/#website\",\"url\":\"https:\/\/www.sgeaj.ch\/fr\/\",\"name\":\"Schweizerische Gesellschaft f\u00fcr die Erforschung des 18. Jahrhunderts (SGEAJ - SSEDS)\",\"description\":\"Schweizerische Gesellschaft f\u00fcr die Erforschung des 18. Jahrhunderts\",\"publisher\":{\"@id\":\"https:\/\/www.sgeaj.ch\/fr\/#organization\"},\"potentialAction\":[{\"@type\":\"SearchAction\",\"target\":{\"@type\":\"EntryPoint\",\"urlTemplate\":\"https:\/\/www.sgeaj.ch\/fr\/?s={search_term_string}\"},\"query-input\":{\"@type\":\"PropertyValueSpecification\",\"valueRequired\":true,\"valueName\":\"search_term_string\"}}],\"inLanguage\":\"fr-FR\"},{\"@type\":\"Organization\",\"@id\":\"https:\/\/www.sgeaj.ch\/fr\/#organization\",\"name\":\"Schweizerische Gesellschaft f\u00fcr die Erforschung des 18. Jahrhunderts (SGEAJ - SSEDS)\",\"url\":\"https:\/\/www.sgeaj.ch\/fr\/\",\"logo\":{\"@type\":\"ImageObject\",\"inLanguage\":\"fr-FR\",\"@id\":\"https:\/\/www.sgeaj.ch\/fr\/#\/schema\/logo\/image\/\",\"url\":\"https:\/\/www.sgeaj.ch\/wp-content\/uploads\/2021\/06\/cropped-logo-xviiies-horiz-abreuviations-bleues.png\",\"contentUrl\":\"https:\/\/www.sgeaj.ch\/wp-content\/uploads\/2021\/06\/cropped-logo-xviiies-horiz-abreuviations-bleues.png\",\"width\":659,\"height\":335,\"caption\":\"Schweizerische Gesellschaft f\u00fcr die Erforschung des 18. Jahrhunderts (SGEAJ - SSEDS)\"},\"image\":{\"@id\":\"https:\/\/www.sgeaj.ch\/fr\/#\/schema\/logo\/image\/\"}}]}<\/script>\n<!-- \/ Yoast SEO plugin. -->","yoast_head_json":{"title":"Soci\u00e9t\u00e9 Suisse pour l'\u00c9tude du XVIII\u00e8me Si\u00e8cle","robots":{"index":"index","follow":"follow","max-snippet":"max-snippet:-1","max-image-preview":"max-image-preview:large","max-video-preview":"max-video-preview:-1"},"canonical":"https:\/\/www.sgeaj.ch\/fr\/sseds\/","twitter_misc":{"Dur\u00e9e de lecture estim\u00e9e":"1 minute"},"schema":{"@context":"https:\/\/schema.org","@graph":[{"@type":"WebPage","@id":"https:\/\/www.sgeaj.ch\/fr\/sseds\/","url":"https:\/\/www.sgeaj.ch\/fr\/sseds\/","name":"Soci\u00e9t\u00e9 Suisse pour l'\u00c9tude du XVIII\u00e8me Si\u00e8cle","isPartOf":{"@id":"https:\/\/www.sgeaj.ch\/fr\/#website"},"primaryImageOfPage":{"@id":"https:\/\/www.sgeaj.ch\/fr\/sseds\/#primaryimage"},"image":{"@id":"https:\/\/www.sgeaj.ch\/fr\/sseds\/#primaryimage"},"thumbnailUrl":"https:\/\/www.sgeaj.ch\/wp-content\/uploads\/2020\/10\/lumieres-Lausanne.jpg","datePublished":"2013-08-20T06:17:01+00:00","dateModified":"2021-04-22T13:33:46+00:00","inLanguage":"fr-FR","potentialAction":[{"@type":"ReadAction","target":["https:\/\/www.sgeaj.ch\/fr\/sseds\/"]}]},{"@type":"ImageObject","inLanguage":"fr-FR","@id":"https:\/\/www.sgeaj.ch\/fr\/sseds\/#primaryimage","url":"https:\/\/www.sgeaj.ch\/wp-content\/uploads\/2020\/10\/lumieres-Lausanne.jpg","contentUrl":"https:\/\/www.sgeaj.ch\/wp-content\/uploads\/2020\/10\/lumieres-Lausanne.jpg","width":1000,"height":250},{"@type":"WebSite","@id":"https:\/\/www.sgeaj.ch\/fr\/#website","url":"https:\/\/www.sgeaj.ch\/fr\/","name":"Schweizerische Gesellschaft f\u00fcr die Erforschung des 18. Jahrhunderts (SGEAJ - SSEDS)","description":"Schweizerische Gesellschaft f\u00fcr die Erforschung des 18. Jahrhunderts","publisher":{"@id":"https:\/\/www.sgeaj.ch\/fr\/#organization"},"potentialAction":[{"@type":"SearchAction","target":{"@type":"EntryPoint","urlTemplate":"https:\/\/www.sgeaj.ch\/fr\/?s={search_term_string}"},"query-input":{"@type":"PropertyValueSpecification","valueRequired":true,"valueName":"search_term_string"}}],"inLanguage":"fr-FR"},{"@type":"Organization","@id":"https:\/\/www.sgeaj.ch\/fr\/#organization","name":"Schweizerische Gesellschaft f\u00fcr die Erforschung des 18. Jahrhunderts (SGEAJ - SSEDS)","url":"https:\/\/www.sgeaj.ch\/fr\/","logo":{"@type":"ImageObject","inLanguage":"fr-FR","@id":"https:\/\/www.sgeaj.ch\/fr\/#\/schema\/logo\/image\/","url":"https:\/\/www.sgeaj.ch\/wp-content\/uploads\/2021\/06\/cropped-logo-xviiies-horiz-abreuviations-bleues.png","contentUrl":"https:\/\/www.sgeaj.ch\/wp-content\/uploads\/2021\/06\/cropped-logo-xviiies-horiz-abreuviations-bleues.png","width":659,"height":335,"caption":"Schweizerische Gesellschaft f\u00fcr die Erforschung des 18. Jahrhunderts (SGEAJ - SSEDS)"},"image":{"@id":"https:\/\/www.sgeaj.ch\/fr\/#\/schema\/logo\/image\/"}}]}},"_links":{"self":[{"href":"https:\/\/www.sgeaj.ch\/fr\/wp-json\/wp\/v2\/pages\/42","targetHints":{"allow":["GET"]}}],"collection":[{"href":"https:\/\/www.sgeaj.ch\/fr\/wp-json\/wp\/v2\/pages"}],"about":[{"href":"https:\/\/www.sgeaj.ch\/fr\/wp-json\/wp\/v2\/types\/page"}],"author":[{"embeddable":true,"href":"https:\/\/www.sgeaj.ch\/fr\/wp-json\/wp\/v2\/users\/2"}],"replies":[{"embeddable":true,"href":"https:\/\/www.sgeaj.ch\/fr\/wp-json\/wp\/v2\/comments?post=42"}],"version-history":[{"count":42,"href":"https:\/\/www.sgeaj.ch\/fr\/wp-json\/wp\/v2\/pages\/42\/revisions"}],"predecessor-version":[{"id":6351,"href":"https:\/\/www.sgeaj.ch\/fr\/wp-json\/wp\/v2\/pages\/42\/revisions\/6351"}],"wp:featuredmedia":[{"embeddable":true,"href":"https:\/\/www.sgeaj.ch\/fr\/wp-json\/wp\/v2\/media\/4121"}],"wp:attachment":[{"href":"https:\/\/www.sgeaj.ch\/fr\/wp-json\/wp\/v2\/media?parent=42"}],"curies":[{"name":"wp","href":"https:\/\/api.w.org\/{rel}","templated":true}]}}

<div class="wpb-content-wrapper"><p>[vc_row][vc_column][vc_column_text]</p>
<p style="text-align: justify;">Fondée en 1991, la Société suisse pour l’étude du XVIII<sup>e</sup> siècle (SSEDS) soutient et promeut la recherche relative à la culture suisse des Lumières. Sous son égide paraissent la revue <em>xviii.ch</em> et les volumes de la collection Travaux sur la Suisse des Lumières.<br />
La Société favorise les échanges entre ses membres, dont elle soutient les travaux scientifiques, ainsi que la divulgation de toute information ayant trait à l&rsquo;état de la recherche dix-huitièmiste sur un plan national et international. À ce propos, elle collabore avec plusieurs institutions et associations suisses et étrangères, en favorisant l&rsquo;étude du XVIIIe siècle dans une perspective interdisciplinaire.<br />
Grâce aux efforts conjoints de la SSEDS et des chercheurs des universités suisses, soutenus par le Fonds national suisse de la recherche scientifique (<a href="http://www.snf.ch/fr/Pages/default.aspx" target="_blank" rel="noopener noreferrer">FNS</a>) ou par l’Académie suisse des sciences humaines et sociales (<a href="http://www.sagw.ch/fr/sagw.html" target="_blank" rel="noopener noreferrer">ASSH</a>), la recherche consacrée aux Lumières helvétiques a pris pendant ces vingt dernières années une ampleur remarquable (éditions de textes, publications de travaux, colloques et conférences, thèses de doctorat, expositions et manifestations publiques, etc.).[/vc_column_text][/vc_column][/vc_row][vc_row][vc_column width= »1/4&Prime;][vc_single_image image= »4121&Prime; img_size= »200&#215;200&Prime; style= »vc_box_border_circle_2&Prime; border_color= »peacoc » onclick= »custom_link » title= »histoire » link= »https://www.sgeaj.ch/fr/sseds/geschichte/ »][/vc_column][vc_column width= »1/4&Prime;][vc_single_image image= »3772&Prime; img_size= »200&#215;200&Prime; style= »vc_box_border_circle_2&Prime; border_color= »peacoc » onclick= »custom_link » title= »organisation » link= »https://www.sgeaj.ch/fr/sseds/organisation »][/vc_column][vc_column width= »1/4&Prime;][vc_single_image image= »4232&Prime; img_size= »200&#215;200&Prime; style= »vc_box_border_circle_2&Prime; border_color= »peacoc » onclick= »custom_link » title= »SIEDS » link= »https://www.sgeaj.ch/fr/sseds/sieds/ »][/vc_column][vc_column width= »1/4&Prime;][vc_single_image image= »4121&Prime; img_size= »200&#215;200&Prime; style= »vc_box_border_circle_2&Prime; border_color= »peacoc » onclick= »custom_link » title= »contact » link= »https://www.sgeaj.ch/fr/sseds/affiliation/ »][/vc_column][/vc_row]</p>
</div>

<p>Fondée en 1991, la Société suisse pour l’étude du XVIIIe siècle (SSEDS) soutient et promeut la recherche relative à la culture suisse des Lumières.</p>

<!-- This site is optimized with the Yoast SEO plugin v26.9 - https://yoast.com/product/yoast-seo-wordpress/ -->
<title>Société Suisse pour l&#039;Étude du XVIIIème Siècle</title>
<meta name="robots" content="index, follow, max-snippet:-1, max-image-preview:large, max-video-preview:-1" />
<link rel="canonical" href="https://www.sgeaj.ch/fr/sseds/" />
<meta name="twitter:label1" content="Durée de lecture estimée" />
	<meta name="twitter:data1" content="1 minute" />
<script type="application/ld+json" class="yoast-schema-graph">{"@context":"https://schema.org","@graph":[{"@type":"WebPage","@id":"https://www.sgeaj.ch/fr/sseds/","url":"https://www.sgeaj.ch/fr/sseds/","name":"Société Suisse pour l'Étude du XVIIIème Siècle","isPartOf":{"@id":"https://www.sgeaj.ch/fr/#website"},"primaryImageOfPage":{"@id":"https://www.sgeaj.ch/fr/sseds/#primaryimage"},"image":{"@id":"https://www.sgeaj.ch/fr/sseds/#primaryimage"},"thumbnailUrl":"https://www.sgeaj.ch/wp-content/uploads/2020/10/lumieres-Lausanne.jpg","datePublished":"2013-08-20T06:17:01+00:00","dateModified":"2021-04-22T13:33:46+00:00","inLanguage":"fr-FR","potentialAction":[{"@type":"ReadAction","target":["https://www.sgeaj.ch/fr/sseds/"]}]},{"@type":"ImageObject","inLanguage":"fr-FR","@id":"https://www.sgeaj.ch/fr/sseds/#primaryimage","url":"https://www.sgeaj.ch/wp-content/uploads/2020/10/lumieres-Lausanne.jpg","contentUrl":"https://www.sgeaj.ch/wp-content/uploads/2020/10/lumieres-Lausanne.jpg","width":1000,"height":250},{"@type":"WebSite","@id":"https://www.sgeaj.ch/fr/#website","url":"https://www.sgeaj.ch/fr/","name":"Schweizerische Gesellschaft für die Erforschung des 18. Jahrhunderts (SGEAJ - SSEDS)","description":"Schweizerische Gesellschaft für die Erforschung des 18. Jahrhunderts","publisher":{"@id":"https://www.sgeaj.ch/fr/#organization"},"potentialAction":[{"@type":"SearchAction","target":{"@type":"EntryPoint","urlTemplate":"https://www.sgeaj.ch/fr/?s={search_term_string}"},"query-input":{"@type":"PropertyValueSpecification","valueRequired":true,"valueName":"search_term_string"}}],"inLanguage":"fr-FR"},{"@type":"Organization","@id":"https://www.sgeaj.ch/fr/#organization","name":"Schweizerische Gesellschaft für die Erforschung des 18. Jahrhunderts (SGEAJ - SSEDS)","url":"https://www.sgeaj.ch/fr/","logo":{"@type":"ImageObject","inLanguage":"fr-FR","@id":"https://www.sgeaj.ch/fr/#/schema/logo/image/","url":"https://www.sgeaj.ch/wp-content/uploads/2021/06/cropped-logo-xviiies-horiz-abreuviations-bleues.png","contentUrl":"https://www.sgeaj.ch/wp-content/uploads/2021/06/cropped-logo-xviiies-horiz-abreuviations-bleues.png","width":659,"height":335,"caption":"Schweizerische Gesellschaft für die Erforschung des 18. Jahrhunderts (SGEAJ - SSEDS)"},"image":{"@id":"https://www.sgeaj.ch/fr/#/schema/logo/image/"}}]}</script>
<!-- / Yoast SEO plugin. -->

Société Suisse pour l'Étude du XVIIIème Siècle

Schweizerische Gesellschaft für die Erforschung des 18. Jahrhunderts (SGEAJ - SSEDS)

Schweizerische Gesellschaft für die Erforschung des 18. Jahrhunderts
