{"id":4395,"date":"2020-10-28T12:39:09","date_gmt":"2020-10-28T11:39:09","guid":{"rendered":"https:\/\/www.sgeaj.ch\/?page_id=4395"},"modified":"2021-04-11T15:01:23","modified_gmt":"2021-04-11T13:01:23","slug":"programme-doctoral","status":"publish","type":"page","link":"https:\/\/www.sgeaj.ch\/fr\/recherche\/programme-doctoral\/","title":{"rendered":"Programme doctoral \u00ab\u00a0Etudes sur le si\u00e8cle des Lumi\u00e8res\u00a0\u00bb"},"content":{"rendered":"<div class=\"czr-wp-the-content\">\n\nFinanc\u00e9 par le FNS, puis par la CUSO d\u00e8s 2014, le programme doctoral <a href=\"https:\/\/lumieres.cuso.ch\/accueil\" target=\"_blank\" rel=\"noopener\">\u00ab Etudes sur le si\u00e8cle des Lumi\u00e8res \u00bb<\/a> est plac\u00e9 sous la responsabilit\u00e9 d\u2019un conseil scientifique compos\u00e9 de professeurs des universit\u00e9s de Lausanne, Gen\u00e8ve, Neuch\u00e2tel, Fribourg et Berne. Il r\u00e9unit actuellement plus de 30 doctorantes et doctorants. Ce programme se noue au carrefour de l\u2019histoire moderne, de l\u2019histoire de l\u2019art, des \u00e9tudes litt\u00e9raires et de la philosophie. La qualit\u00e9 de la rel\u00e8ve acad\u00e9mique, l\u2019ampleur et la complexit\u00e9 des probl\u00e9matiques qui restent \u00e0 \u00e9tudier, l\u2019ambition de promouvoir des approches renouvel\u00e9es du pass\u00e9, le d\u00e9sir d\u2019offrir aux jeunes chercheurs le meilleur encadrement possible ont motiv\u00e9 la cr\u00e9ation de cette formation. Celle-ci constitue aussi une plate-forme prometteuse de synergies et de collaborations interuniversitaires et interdisciplinaires dans les \u00e9tudes dix-huiti\u00e9mistes o\u00f9 la pluridisciplinarit\u00e9 est intrins\u00e8quement li\u00e9e aux objets d\u2019\u00e9tudes. C\u2019est, enfin, pour de nombreux chercheurs, une exp\u00e9rience humaine enrichissante et une occasion de s\u2019int\u00e9grer efficacement \u00e0 la communaut\u00e9 scientifique.\n\nDes activit\u00e9s r\u00e9guli\u00e8res sont propos\u00e9es tout au long de l\u2019ann\u00e9e, associant jeunes chercheurs et professeurs. Ces rencontres prennent la forme de cours, de conf\u00e9rences, de journ\u00e9es de mentorat ou de rencontres scientifiques (colloques). On y traite autant de questions m\u00e9thodologiques que de probl\u00e8mes d\u2019historiographie des Lumi\u00e8res. Ces s\u00e9ances permettent aux doctorants de prendre la parole en discutant des probl\u00e8mes particuliers, conceptuels ou pratiques li\u00e9s \u00e0 leur recherche. Le Programme offre aussi des visites guid\u00e9es par des sp\u00e9cialistes dans des sites pertinents pour les dix-huiti\u00e9mistes, en Suisse (Archives fran\u00e7aises de Soleure, Biblioth\u00e8que des Pasteurs \u00e0 Neuch\u00e2tel, Biblioth\u00e8que de la Bourgeoisie de Berne, Biblioth\u00e8que du Ch\u00e2teau d\u2019Oron) et \u00e0 l\u2019\u00e9tranger. Enfin, \u00e0 l\u2019occasion des Congr\u00e8s internationaux d\u2019\u00e9tude sur le dix-huiti\u00e8me si\u00e8cle, le programme doctoral propose un ou plusieurs ateliers\/panels relatif \u00e0 la probl\u00e9matique des Lumi\u00e8res helv\u00e9tiques (Graz\/2011, Rotterdam\/2015).\n\n<\/div>\n<!-- \/wp:post-content -->","protected":false},"excerpt":{"rendered":"<p>Financ\u00e9 par le FNS, puis par la CUSO d\u00e8s 2014, le programme doctoral \u00ab Etudes sur le si\u00e8cle des Lumi\u00e8res \u00bb est plac\u00e9 sous la responsabilit\u00e9 d\u2019un conseil scientifique compos\u00e9 de professeurs des universit\u00e9s de Lausanne, Gen\u00e8ve, Neuch\u00e2tel, Fribourg et Berne. Il r\u00e9unit actuellement plus de 30 doctorantes et doctorants. Ce programme se noue au [&hellip;]<\/p>\n","protected":false},"author":7,"featured_media":3421,"parent":52,"menu_order":2,"comment_status":"closed","ping_status":"closed","template":"","meta":{"footnotes":""},"class_list":["post-4395","page","type-page","status-publish","has-post-thumbnail","czr-hentry"],"yoast_head":"<!-- This site is optimized with the Yoast SEO plugin v26.9 - https:\/\/yoast.com\/product\/yoast-seo-wordpress\/ -->\n<title>Programme doctoral &quot;Etudes sur le si\u00e8cle des Lumi\u00e8res&quot; - Schweizerische Gesellschaft f\u00fcr die Erforschung des 18. Jahrhunderts (SGEAJ - SSEDS)<\/title>\n<meta name=\"robots\" content=\"index, follow, max-snippet:-1, max-image-preview:large, max-video-preview:-1\" \/>\n<link rel=\"canonical\" href=\"https:\/\/www.sgeaj.ch\/fr\/recherche\/programme-doctoral\/\" \/>\n<meta name=\"twitter:label1\" content=\"Dur\u00e9e de lecture estim\u00e9e\" \/>\n\t<meta name=\"twitter:data1\" content=\"2 minutes\" \/>\n<script type=\"application\/ld+json\" class=\"yoast-schema-graph\">{\"@context\":\"https:\/\/schema.org\",\"@graph\":[{\"@type\":\"WebPage\",\"@id\":\"https:\/\/www.sgeaj.ch\/fr\/recherche\/programme-doctoral\/\",\"url\":\"https:\/\/www.sgeaj.ch\/fr\/recherche\/programme-doctoral\/\",\"name\":\"Programme doctoral \\\"Etudes sur le si\u00e8cle des Lumi\u00e8res\\\" - Schweizerische Gesellschaft f\u00fcr die Erforschung des 18. Jahrhunderts (SGEAJ - SSEDS)\",\"isPartOf\":{\"@id\":\"https:\/\/www.sgeaj.ch\/fr\/#website\"},\"primaryImageOfPage\":{\"@id\":\"https:\/\/www.sgeaj.ch\/fr\/recherche\/programme-doctoral\/#primaryimage\"},\"image\":{\"@id\":\"https:\/\/www.sgeaj.ch\/fr\/recherche\/programme-doctoral\/#primaryimage\"},\"thumbnailUrl\":\"https:\/\/www.sgeaj.ch\/wp-content\/uploads\/2014\/02\/scan1107070.jpg\",\"datePublished\":\"2020-10-28T11:39:09+00:00\",\"dateModified\":\"2021-04-11T13:01:23+00:00\",\"breadcrumb\":{\"@id\":\"https:\/\/www.sgeaj.ch\/fr\/recherche\/programme-doctoral\/#breadcrumb\"},\"inLanguage\":\"fr-FR\",\"potentialAction\":[{\"@type\":\"ReadAction\",\"target\":[\"https:\/\/www.sgeaj.ch\/fr\/recherche\/programme-doctoral\/\"]}]},{\"@type\":\"ImageObject\",\"inLanguage\":\"fr-FR\",\"@id\":\"https:\/\/www.sgeaj.ch\/fr\/recherche\/programme-doctoral\/#primaryimage\",\"url\":\"https:\/\/www.sgeaj.ch\/wp-content\/uploads\/2014\/02\/scan1107070.jpg\",\"contentUrl\":\"https:\/\/www.sgeaj.ch\/wp-content\/uploads\/2014\/02\/scan1107070.jpg\",\"width\":3072,\"height\":3344},{\"@type\":\"BreadcrumbList\",\"@id\":\"https:\/\/www.sgeaj.ch\/fr\/recherche\/programme-doctoral\/#breadcrumb\",\"itemListElement\":[{\"@type\":\"ListItem\",\"position\":1,\"name\":\"Recherche\",\"item\":\"https:\/\/www.sgeaj.ch\/fr\/recherche\/\"},{\"@type\":\"ListItem\",\"position\":2,\"name\":\"Programme doctoral \u00ab\u00a0Etudes sur le si\u00e8cle des Lumi\u00e8res\u00a0\u00bb\"}]},{\"@type\":\"WebSite\",\"@id\":\"https:\/\/www.sgeaj.ch\/fr\/#website\",\"url\":\"https:\/\/www.sgeaj.ch\/fr\/\",\"name\":\"Schweizerische Gesellschaft f\u00fcr die Erforschung des 18. Jahrhunderts (SGEAJ - SSEDS)\",\"description\":\"Schweizerische Gesellschaft f\u00fcr die Erforschung des 18. Jahrhunderts\",\"publisher\":{\"@id\":\"https:\/\/www.sgeaj.ch\/fr\/#organization\"},\"potentialAction\":[{\"@type\":\"SearchAction\",\"target\":{\"@type\":\"EntryPoint\",\"urlTemplate\":\"https:\/\/www.sgeaj.ch\/fr\/?s={search_term_string}\"},\"query-input\":{\"@type\":\"PropertyValueSpecification\",\"valueRequired\":true,\"valueName\":\"search_term_string\"}}],\"inLanguage\":\"fr-FR\"},{\"@type\":\"Organization\",\"@id\":\"https:\/\/www.sgeaj.ch\/fr\/#organization\",\"name\":\"Schweizerische Gesellschaft f\u00fcr die Erforschung des 18. Jahrhunderts (SGEAJ - SSEDS)\",\"url\":\"https:\/\/www.sgeaj.ch\/fr\/\",\"logo\":{\"@type\":\"ImageObject\",\"inLanguage\":\"fr-FR\",\"@id\":\"https:\/\/www.sgeaj.ch\/fr\/#\/schema\/logo\/image\/\",\"url\":\"https:\/\/www.sgeaj.ch\/wp-content\/uploads\/2021\/06\/cropped-logo-xviiies-horiz-abreuviations-bleues.png\",\"contentUrl\":\"https:\/\/www.sgeaj.ch\/wp-content\/uploads\/2021\/06\/cropped-logo-xviiies-horiz-abreuviations-bleues.png\",\"width\":659,\"height\":335,\"caption\":\"Schweizerische Gesellschaft f\u00fcr die Erforschung des 18. Jahrhunderts (SGEAJ - SSEDS)\"},\"image\":{\"@id\":\"https:\/\/www.sgeaj.ch\/fr\/#\/schema\/logo\/image\/\"}}]}<\/script>\n<!-- \/ Yoast SEO plugin. -->","yoast_head_json":{"title":"Programme doctoral \"Etudes sur le si\u00e8cle des Lumi\u00e8res\" - Schweizerische Gesellschaft f\u00fcr die Erforschung des 18. Jahrhunderts (SGEAJ - SSEDS)","robots":{"index":"index","follow":"follow","max-snippet":"max-snippet:-1","max-image-preview":"max-image-preview:large","max-video-preview":"max-video-preview:-1"},"canonical":"https:\/\/www.sgeaj.ch\/fr\/recherche\/programme-doctoral\/","twitter_misc":{"Dur\u00e9e de lecture estim\u00e9e":"2 minutes"},"schema":{"@context":"https:\/\/schema.org","@graph":[{"@type":"WebPage","@id":"https:\/\/www.sgeaj.ch\/fr\/recherche\/programme-doctoral\/","url":"https:\/\/www.sgeaj.ch\/fr\/recherche\/programme-doctoral\/","name":"Programme doctoral \"Etudes sur le si\u00e8cle des Lumi\u00e8res\" - Schweizerische Gesellschaft f\u00fcr die Erforschung des 18. Jahrhunderts (SGEAJ - SSEDS)","isPartOf":{"@id":"https:\/\/www.sgeaj.ch\/fr\/#website"},"primaryImageOfPage":{"@id":"https:\/\/www.sgeaj.ch\/fr\/recherche\/programme-doctoral\/#primaryimage"},"image":{"@id":"https:\/\/www.sgeaj.ch\/fr\/recherche\/programme-doctoral\/#primaryimage"},"thumbnailUrl":"https:\/\/www.sgeaj.ch\/wp-content\/uploads\/2014\/02\/scan1107070.jpg","datePublished":"2020-10-28T11:39:09+00:00","dateModified":"2021-04-11T13:01:23+00:00","breadcrumb":{"@id":"https:\/\/www.sgeaj.ch\/fr\/recherche\/programme-doctoral\/#breadcrumb"},"inLanguage":"fr-FR","potentialAction":[{"@type":"ReadAction","target":["https:\/\/www.sgeaj.ch\/fr\/recherche\/programme-doctoral\/"]}]},{"@type":"ImageObject","inLanguage":"fr-FR","@id":"https:\/\/www.sgeaj.ch\/fr\/recherche\/programme-doctoral\/#primaryimage","url":"https:\/\/www.sgeaj.ch\/wp-content\/uploads\/2014\/02\/scan1107070.jpg","contentUrl":"https:\/\/www.sgeaj.ch\/wp-content\/uploads\/2014\/02\/scan1107070.jpg","width":3072,"height":3344},{"@type":"BreadcrumbList","@id":"https:\/\/www.sgeaj.ch\/fr\/recherche\/programme-doctoral\/#breadcrumb","itemListElement":[{"@type":"ListItem","position":1,"name":"Recherche","item":"https:\/\/www.sgeaj.ch\/fr\/recherche\/"},{"@type":"ListItem","position":2,"name":"Programme doctoral \u00ab\u00a0Etudes sur le si\u00e8cle des Lumi\u00e8res\u00a0\u00bb"}]},{"@type":"WebSite","@id":"https:\/\/www.sgeaj.ch\/fr\/#website","url":"https:\/\/www.sgeaj.ch\/fr\/","name":"Schweizerische Gesellschaft f\u00fcr die Erforschung des 18. Jahrhunderts (SGEAJ - SSEDS)","description":"Schweizerische Gesellschaft f\u00fcr die Erforschung des 18. Jahrhunderts","publisher":{"@id":"https:\/\/www.sgeaj.ch\/fr\/#organization"},"potentialAction":[{"@type":"SearchAction","target":{"@type":"EntryPoint","urlTemplate":"https:\/\/www.sgeaj.ch\/fr\/?s={search_term_string}"},"query-input":{"@type":"PropertyValueSpecification","valueRequired":true,"valueName":"search_term_string"}}],"inLanguage":"fr-FR"},{"@type":"Organization","@id":"https:\/\/www.sgeaj.ch\/fr\/#organization","name":"Schweizerische Gesellschaft f\u00fcr die Erforschung des 18. Jahrhunderts (SGEAJ - SSEDS)","url":"https:\/\/www.sgeaj.ch\/fr\/","logo":{"@type":"ImageObject","inLanguage":"fr-FR","@id":"https:\/\/www.sgeaj.ch\/fr\/#\/schema\/logo\/image\/","url":"https:\/\/www.sgeaj.ch\/wp-content\/uploads\/2021\/06\/cropped-logo-xviiies-horiz-abreuviations-bleues.png","contentUrl":"https:\/\/www.sgeaj.ch\/wp-content\/uploads\/2021\/06\/cropped-logo-xviiies-horiz-abreuviations-bleues.png","width":659,"height":335,"caption":"Schweizerische Gesellschaft f\u00fcr die Erforschung des 18. Jahrhunderts (SGEAJ - SSEDS)"},"image":{"@id":"https:\/\/www.sgeaj.ch\/fr\/#\/schema\/logo\/image\/"}}]}},"_links":{"self":[{"href":"https:\/\/www.sgeaj.ch\/fr\/wp-json\/wp\/v2\/pages\/4395","targetHints":{"allow":["GET"]}}],"collection":[{"href":"https:\/\/www.sgeaj.ch\/fr\/wp-json\/wp\/v2\/pages"}],"about":[{"href":"https:\/\/www.sgeaj.ch\/fr\/wp-json\/wp\/v2\/types\/page"}],"author":[{"embeddable":true,"href":"https:\/\/www.sgeaj.ch\/fr\/wp-json\/wp\/v2\/users\/7"}],"replies":[{"embeddable":true,"href":"https:\/\/www.sgeaj.ch\/fr\/wp-json\/wp\/v2\/comments?post=4395"}],"version-history":[{"count":6,"href":"https:\/\/www.sgeaj.ch\/fr\/wp-json\/wp\/v2\/pages\/4395\/revisions"}],"predecessor-version":[{"id":6147,"href":"https:\/\/www.sgeaj.ch\/fr\/wp-json\/wp\/v2\/pages\/4395\/revisions\/6147"}],"up":[{"embeddable":true,"href":"https:\/\/www.sgeaj.ch\/fr\/wp-json\/wp\/v2\/pages\/52"}],"wp:featuredmedia":[{"embeddable":true,"href":"https:\/\/www.sgeaj.ch\/fr\/wp-json\/wp\/v2\/media\/3421"}],"wp:attachment":[{"href":"https:\/\/www.sgeaj.ch\/fr\/wp-json\/wp\/v2\/media?parent=4395"}],"curies":[{"name":"wp","href":"https:\/\/api.w.org\/{rel}","templated":true}]}}

Programme doctoral « Etudes sur le siècle des Lumières »

<div class="czr-wp-the-content">

Financé par le FNS, puis par la CUSO dès 2014, le programme doctoral <a href="https://lumieres.cuso.ch/accueil" target="_blank" rel="noopener">« Etudes sur le siècle des Lumières »</a> est placé sous la responsabilité d’un conseil scientifique composé de professeurs des universités de Lausanne, Genève, Neuchâtel, Fribourg et Berne. Il réunit actuellement plus de 30 doctorantes et doctorants. Ce programme se noue au carrefour de l’histoire moderne, de l’histoire de l’art, des études littéraires et de la philosophie. La qualité de la relève académique, l’ampleur et la complexité des problématiques qui restent à étudier, l’ambition de promouvoir des approches renouvelées du passé, le désir d’offrir aux jeunes chercheurs le meilleur encadrement possible ont motivé la création de cette formation. Celle-ci constitue aussi une plate-forme prometteuse de synergies et de collaborations interuniversitaires et interdisciplinaires dans les études dix-huitiémistes où la pluridisciplinarité est intrinsèquement liée aux objets d’études. C’est, enfin, pour de nombreux chercheurs, une expérience humaine enrichissante et une occasion de s’intégrer efficacement à la communauté scientifique.

Des activités régulières sont proposées tout au long de l’année, associant jeunes chercheurs et professeurs. Ces rencontres prennent la forme de cours, de conférences, de journées de mentorat ou de rencontres scientifiques (colloques). On y traite autant de questions méthodologiques que de problèmes d’historiographie des Lumières. Ces séances permettent aux doctorants de prendre la parole en discutant des problèmes particuliers, conceptuels ou pratiques liés à leur recherche. Le Programme offre aussi des visites guidées par des spécialistes dans des sites pertinents pour les dix-huitiémistes, en Suisse (Archives françaises de Soleure, Bibliothèque des Pasteurs à Neuchâtel, Bibliothèque de la Bourgeoisie de Berne, Bibliothèque du Château d’Oron) et à l’étranger. Enfin, à l’occasion des Congrès internationaux d’étude sur le dix-huitième siècle, le programme doctoral propose un ou plusieurs ateliers/panels relatif à la problématique des Lumières helvétiques (Graz/2011, Rotterdam/2015).

</div>
<!-- /wp:post-content -->

<p>Financé par le FNS, puis par la CUSO dès 2014, le programme doctoral « Etudes sur le siècle des Lumières » est placé sous la responsabilité d’un conseil scientifique composé de professeurs des universités de Lausanne, Genève, Neuchâtel, Fribourg et Berne. Il réunit actuellement plus de 30 doctorantes et doctorants. Ce programme se noue au [&hellip;]</p>

<!-- This site is optimized with the Yoast SEO plugin v26.9 - https://yoast.com/product/yoast-seo-wordpress/ -->
<title>Programme doctoral &quot;Etudes sur le siècle des Lumières&quot; - Schweizerische Gesellschaft für die Erforschung des 18. Jahrhunderts (SGEAJ - SSEDS)</title>
<meta name="robots" content="index, follow, max-snippet:-1, max-image-preview:large, max-video-preview:-1" />
<link rel="canonical" href="https://www.sgeaj.ch/fr/recherche/programme-doctoral/" />
<meta name="twitter:label1" content="Durée de lecture estimée" />
	<meta name="twitter:data1" content="2 minutes" />
<script type="application/ld+json" class="yoast-schema-graph">{"@context":"https://schema.org","@graph":[{"@type":"WebPage","@id":"https://www.sgeaj.ch/fr/recherche/programme-doctoral/","url":"https://www.sgeaj.ch/fr/recherche/programme-doctoral/","name":"Programme doctoral \"Etudes sur le siècle des Lumières\" - Schweizerische Gesellschaft für die Erforschung des 18. Jahrhunderts (SGEAJ - SSEDS)","isPartOf":{"@id":"https://www.sgeaj.ch/fr/#website"},"primaryImageOfPage":{"@id":"https://www.sgeaj.ch/fr/recherche/programme-doctoral/#primaryimage"},"image":{"@id":"https://www.sgeaj.ch/fr/recherche/programme-doctoral/#primaryimage"},"thumbnailUrl":"https://www.sgeaj.ch/wp-content/uploads/2014/02/scan1107070.jpg","datePublished":"2020-10-28T11:39:09+00:00","dateModified":"2021-04-11T13:01:23+00:00","breadcrumb":{"@id":"https://www.sgeaj.ch/fr/recherche/programme-doctoral/#breadcrumb"},"inLanguage":"fr-FR","potentialAction":[{"@type":"ReadAction","target":["https://www.sgeaj.ch/fr/recherche/programme-doctoral/"]}]},{"@type":"ImageObject","inLanguage":"fr-FR","@id":"https://www.sgeaj.ch/fr/recherche/programme-doctoral/#primaryimage","url":"https://www.sgeaj.ch/wp-content/uploads/2014/02/scan1107070.jpg","contentUrl":"https://www.sgeaj.ch/wp-content/uploads/2014/02/scan1107070.jpg","width":3072,"height":3344},{"@type":"BreadcrumbList","@id":"https://www.sgeaj.ch/fr/recherche/programme-doctoral/#breadcrumb","itemListElement":[{"@type":"ListItem","position":1,"name":"Recherche","item":"https://www.sgeaj.ch/fr/recherche/"},{"@type":"ListItem","position":2,"name":"Programme doctoral « Etudes sur le siècle des Lumières »"}]},{"@type":"WebSite","@id":"https://www.sgeaj.ch/fr/#website","url":"https://www.sgeaj.ch/fr/","name":"Schweizerische Gesellschaft für die Erforschung des 18. Jahrhunderts (SGEAJ - SSEDS)","description":"Schweizerische Gesellschaft für die Erforschung des 18. Jahrhunderts","publisher":{"@id":"https://www.sgeaj.ch/fr/#organization"},"potentialAction":[{"@type":"SearchAction","target":{"@type":"EntryPoint","urlTemplate":"https://www.sgeaj.ch/fr/?s={search_term_string}"},"query-input":{"@type":"PropertyValueSpecification","valueRequired":true,"valueName":"search_term_string"}}],"inLanguage":"fr-FR"},{"@type":"Organization","@id":"https://www.sgeaj.ch/fr/#organization","name":"Schweizerische Gesellschaft für die Erforschung des 18. Jahrhunderts (SGEAJ - SSEDS)","url":"https://www.sgeaj.ch/fr/","logo":{"@type":"ImageObject","inLanguage":"fr-FR","@id":"https://www.sgeaj.ch/fr/#/schema/logo/image/","url":"https://www.sgeaj.ch/wp-content/uploads/2021/06/cropped-logo-xviiies-horiz-abreuviations-bleues.png","contentUrl":"https://www.sgeaj.ch/wp-content/uploads/2021/06/cropped-logo-xviiies-horiz-abreuviations-bleues.png","width":659,"height":335,"caption":"Schweizerische Gesellschaft für die Erforschung des 18. Jahrhunderts (SGEAJ - SSEDS)"},"image":{"@id":"https://www.sgeaj.ch/fr/#/schema/logo/image/"}}]}</script>
<!-- / Yoast SEO plugin. -->

Programme doctoral "Etudes sur le siècle des Lumières" - Schweizerische Gesellschaft für die Erforschung des 18. Jahrhunderts (SGEAJ - SSEDS)

Schweizerische Gesellschaft für die Erforschung des 18. Jahrhunderts (SGEAJ - SSEDS)

Schweizerische Gesellschaft für die Erforschung des 18. Jahrhunderts
