{"id":52,"date":"2013-08-21T09:19:08","date_gmt":"2013-08-21T07:19:08","guid":{"rendered":"https:\/\/www.sgeaj.ch\/?page_id=52"},"modified":"2021-04-24T17:17:25","modified_gmt":"2021-04-24T15:17:25","slug":"recherche","status":"publish","type":"page","link":"https:\/\/www.sgeaj.ch\/fr\/recherche\/","title":{"rendered":"Recherche"},"content":{"rendered":"<div class=\"wpb-content-wrapper\"><p>[vc_row][vc_column][vc_column_text]Aper\u00e7u des recherches actuelles en Suisse portant sur le dix-huiti\u00e8me si\u00e8cle.<\/p>\n<p>Merci de nous aider \u00e0 tenir \u00e0 jour cette page. Veuillez nous <a href=\"https:\/\/www.sgeaj.ch\/fr\/sseds\/affiliation\/\" rel=\"noopener\">envoyer<\/a> une br\u00e8ve description de votre projet de recherche en cours (max. 250 mots et 1 image jpg) et nous nous ferons un plaisir de le publier.[\/vc_column_text][\/vc_column][\/vc_row][vc_row][vc_column css_animation=\u00a0\u00bbfadeInLeft\u00a0\u00bb width=\u00a0\u00bb1\/4&Prime;][vc_empty_space height=\u00a0\u00bb40px\u00a0\u00bb][vc_single_image image=\u00a0\u00bb3047&Prime; img_size=\u00a0\u00bbmedium\u00a0\u00bb style=\u00a0\u00bbvc_box_outline_circle_2&Prime; onclick=\u00a0\u00bbcustom_link\u00a0\u00bb css_animation=\u00a0\u00bbnone\u00a0\u00bb link=\u00a0\u00bbhttps:\/\/www.sgeaj.ch\/fr\/recherche\/projets-de-recherche\/\u00a0\u00bb][\/vc_column][vc_column css_animation=\u00a0\u00bbfadeInRight\u00a0\u00bb width=\u00a0\u00bb3\/4&Prime;][vc_column_text css_animation=\u00a0\u00bbnone\u00a0\u00bb]<\/p>\n<h3 class=\"entry-title\">Projets de recherche<\/h3>\n<p>Vous trouverez ici de brefs r\u00e9sum\u00e9s et des liens vers des projets de recherche en cours ou termin\u00e9s.[\/vc_column_text][vc_btn title=\u00a0\u00bbConsulter les projets\u00a0\u00bb style=\u00a0\u00bbclassic\u00a0\u00bb color=\u00a0\u00bbblue\u00a0\u00bb link=\u00a0\u00bburl:https%3A%2F%2Fwww.sgeaj.ch%2Ffr%2Frecherche%2Fprojets-de-recherche%2F\u00a0\u00bb][\/vc_column][\/vc_row][vc_row][vc_column css_animation=\u00a0\u00bbfadeInLeft\u00a0\u00bb width=\u00a0\u00bb1\/4&Prime;][vc_empty_space height=\u00a0\u00bb40px\u00a0\u00bb][vc_single_image image=\u00a0\u00bb2517&Prime; img_size=\u00a0\u00bbmedium\u00a0\u00bb style=\u00a0\u00bbvc_box_outline_circle_2&Prime; onclick=\u00a0\u00bbcustom_link\u00a0\u00bb css_animation=\u00a0\u00bbnone\u00a0\u00bb link=\u00a0\u00bbhttps:\/\/www.sgeaj.ch\/fr\/recherche\/programme-doctoral\u00a0\u00bb][\/vc_column][vc_column css_animation=\u00a0\u00bbfadeInRight\u00a0\u00bb width=\u00a0\u00bb3\/4&Prime;][vc_column_text css_animation=\u00a0\u00bbnone\u00a0\u00bb]<\/p>\n<h3 class=\"entry-title\">Programme doctoral<\/h3>\n<p>Vous trouverez ici des informations sur le programme de doctorat soutenu par la SSEDS.[\/vc_column_text][vc_btn title=\u00a0\u00bbPlus d&rsquo;infos\u00a0\u00bb style=\u00a0\u00bbclassic\u00a0\u00bb color=\u00a0\u00bbblue\u00a0\u00bb link=\u00a0\u00bburl:https%3A%2F%2Fwww.sgeaj.ch%2Ffr%2Frecherche%2Fprogramme-doctoral%2F\u00a0\u00bb][\/vc_column][\/vc_row][vc_row][vc_column css_animation=\u00a0\u00bbfadeInLeft\u00a0\u00bb width=\u00a0\u00bb1\/4&Prime;][vc_empty_space height=\u00a0\u00bb40px\u00a0\u00bb][vc_single_image image=\u00a0\u00bb3216&Prime; img_size=\u00a0\u00bbmedium\u00a0\u00bb style=\u00a0\u00bbvc_box_outline_circle_2&Prime; onclick=\u00a0\u00bbcustom_link\u00a0\u00bb css_animation=\u00a0\u00bbnone\u00a0\u00bb link=\u00a0\u00bbhttps:\/\/www.sgeaj.ch\/fr\/recherche\/dh\/\u00a0\u00bb][\/vc_column][vc_column css_animation=\u00a0\u00bbfadeInRight\u00a0\u00bb width=\u00a0\u00bb3\/4&Prime;][vc_column_text css_animation=\u00a0\u00bbnone\u00a0\u00bb]<\/p>\n<h3 class=\"entry-title\">Les Humanit\u00e9s digitales en Suisse<\/h3>\n<p>Autour de projets dix-huiti\u00e8mistes. R\u00e9pertoire des plateformes et bases de donn\u00e9es ayant trait au long XVIIIe si\u00e8cle.[\/vc_column_text][vc_btn title=\u00a0\u00bbVoir les projets\u00a0\u00bb style=\u00a0\u00bbclassic\u00a0\u00bb color=\u00a0\u00bbblue\u00a0\u00bb link=\u00a0\u00bburl:https%3A%2F%2Fwww.sgeaj.ch%2Ffr%2Frecherche%2Fdh%2F|title:Les%20Humanit%C3%A9s%20digitales%20en%20Suisse\u00a0\u00bb][\/vc_column][\/vc_row][vc_row][vc_column][\/vc_column][\/vc_row]<\/p>\n<\/div>","protected":false},"excerpt":{"rendered":"<p>Vous trouverez ici de brefs r\u00e9sum\u00e9s et des liens vers des projets de recherche en cours ou termin\u00e9s ainsi que des informations sur les humanit\u00e9s digitales.<\/p>\n","protected":false},"author":2,"featured_media":4013,"parent":0,"menu_order":3,"comment_status":"closed","ping_status":"closed","template":"","meta":{"footnotes":""},"class_list":["post-52","page","type-page","status-publish","has-post-thumbnail","czr-hentry"],"yoast_head":"<!-- This site is optimized with the Yoast SEO plugin v26.9 - https:\/\/yoast.com\/product\/yoast-seo-wordpress\/ -->\n<title>Recherche - Schweizerische Gesellschaft f\u00fcr die Erforschung des 18. Jahrhunderts (SGEAJ - SSEDS)<\/title>\n<meta name=\"robots\" content=\"index, follow, max-snippet:-1, max-image-preview:large, max-video-preview:-1\" \/>\n<link rel=\"canonical\" href=\"https:\/\/www.sgeaj.ch\/fr\/recherche\/\" \/>\n<meta name=\"twitter:label1\" content=\"Dur\u00e9e de lecture estim\u00e9e\" \/>\n\t<meta name=\"twitter:data1\" content=\"1 minute\" \/>\n<script type=\"application\/ld+json\" class=\"yoast-schema-graph\">{\"@context\":\"https:\/\/schema.org\",\"@graph\":[{\"@type\":\"WebPage\",\"@id\":\"https:\/\/www.sgeaj.ch\/fr\/recherche\/\",\"url\":\"https:\/\/www.sgeaj.ch\/fr\/recherche\/\",\"name\":\"Recherche - Schweizerische Gesellschaft f\u00fcr die Erforschung des 18. Jahrhunderts (SGEAJ - SSEDS)\",\"isPartOf\":{\"@id\":\"https:\/\/www.sgeaj.ch\/fr\/#website\"},\"primaryImageOfPage\":{\"@id\":\"https:\/\/www.sgeaj.ch\/fr\/recherche\/#primaryimage\"},\"image\":{\"@id\":\"https:\/\/www.sgeaj.ch\/fr\/recherche\/#primaryimage\"},\"thumbnailUrl\":\"https:\/\/www.sgeaj.ch\/wp-content\/uploads\/2016\/04\/cropped-J.E_Liotard_Portrait-de-F.-Tronchin-1.jpg\",\"datePublished\":\"2013-08-21T07:19:08+00:00\",\"dateModified\":\"2021-04-24T15:17:25+00:00\",\"inLanguage\":\"fr-FR\",\"potentialAction\":[{\"@type\":\"ReadAction\",\"target\":[\"https:\/\/www.sgeaj.ch\/fr\/recherche\/\"]}]},{\"@type\":\"ImageObject\",\"inLanguage\":\"fr-FR\",\"@id\":\"https:\/\/www.sgeaj.ch\/fr\/recherche\/#primaryimage\",\"url\":\"https:\/\/www.sgeaj.ch\/wp-content\/uploads\/2016\/04\/cropped-J.E_Liotard_Portrait-de-F.-Tronchin-1.jpg\",\"contentUrl\":\"https:\/\/www.sgeaj.ch\/wp-content\/uploads\/2016\/04\/cropped-J.E_Liotard_Portrait-de-F.-Tronchin-1.jpg\",\"width\":940,\"height\":264},{\"@type\":\"WebSite\",\"@id\":\"https:\/\/www.sgeaj.ch\/fr\/#website\",\"url\":\"https:\/\/www.sgeaj.ch\/fr\/\",\"name\":\"Schweizerische Gesellschaft f\u00fcr die Erforschung des 18. Jahrhunderts (SGEAJ - SSEDS)\",\"description\":\"Schweizerische Gesellschaft f\u00fcr die Erforschung des 18. Jahrhunderts\",\"publisher\":{\"@id\":\"https:\/\/www.sgeaj.ch\/fr\/#organization\"},\"potentialAction\":[{\"@type\":\"SearchAction\",\"target\":{\"@type\":\"EntryPoint\",\"urlTemplate\":\"https:\/\/www.sgeaj.ch\/fr\/?s={search_term_string}\"},\"query-input\":{\"@type\":\"PropertyValueSpecification\",\"valueRequired\":true,\"valueName\":\"search_term_string\"}}],\"inLanguage\":\"fr-FR\"},{\"@type\":\"Organization\",\"@id\":\"https:\/\/www.sgeaj.ch\/fr\/#organization\",\"name\":\"Schweizerische Gesellschaft f\u00fcr die Erforschung des 18. Jahrhunderts (SGEAJ - SSEDS)\",\"url\":\"https:\/\/www.sgeaj.ch\/fr\/\",\"logo\":{\"@type\":\"ImageObject\",\"inLanguage\":\"fr-FR\",\"@id\":\"https:\/\/www.sgeaj.ch\/fr\/#\/schema\/logo\/image\/\",\"url\":\"https:\/\/www.sgeaj.ch\/wp-content\/uploads\/2021\/06\/cropped-logo-xviiies-horiz-abreuviations-bleues.png\",\"contentUrl\":\"https:\/\/www.sgeaj.ch\/wp-content\/uploads\/2021\/06\/cropped-logo-xviiies-horiz-abreuviations-bleues.png\",\"width\":659,\"height\":335,\"caption\":\"Schweizerische Gesellschaft f\u00fcr die Erforschung des 18. Jahrhunderts (SGEAJ - SSEDS)\"},\"image\":{\"@id\":\"https:\/\/www.sgeaj.ch\/fr\/#\/schema\/logo\/image\/\"}}]}<\/script>\n<!-- \/ Yoast SEO plugin. -->","yoast_head_json":{"title":"Recherche - Schweizerische Gesellschaft f\u00fcr die Erforschung des 18. Jahrhunderts (SGEAJ - SSEDS)","robots":{"index":"index","follow":"follow","max-snippet":"max-snippet:-1","max-image-preview":"max-image-preview:large","max-video-preview":"max-video-preview:-1"},"canonical":"https:\/\/www.sgeaj.ch\/fr\/recherche\/","twitter_misc":{"Dur\u00e9e de lecture estim\u00e9e":"1 minute"},"schema":{"@context":"https:\/\/schema.org","@graph":[{"@type":"WebPage","@id":"https:\/\/www.sgeaj.ch\/fr\/recherche\/","url":"https:\/\/www.sgeaj.ch\/fr\/recherche\/","name":"Recherche - Schweizerische Gesellschaft f\u00fcr die Erforschung des 18. Jahrhunderts (SGEAJ - SSEDS)","isPartOf":{"@id":"https:\/\/www.sgeaj.ch\/fr\/#website"},"primaryImageOfPage":{"@id":"https:\/\/www.sgeaj.ch\/fr\/recherche\/#primaryimage"},"image":{"@id":"https:\/\/www.sgeaj.ch\/fr\/recherche\/#primaryimage"},"thumbnailUrl":"https:\/\/www.sgeaj.ch\/wp-content\/uploads\/2016\/04\/cropped-J.E_Liotard_Portrait-de-F.-Tronchin-1.jpg","datePublished":"2013-08-21T07:19:08+00:00","dateModified":"2021-04-24T15:17:25+00:00","inLanguage":"fr-FR","potentialAction":[{"@type":"ReadAction","target":["https:\/\/www.sgeaj.ch\/fr\/recherche\/"]}]},{"@type":"ImageObject","inLanguage":"fr-FR","@id":"https:\/\/www.sgeaj.ch\/fr\/recherche\/#primaryimage","url":"https:\/\/www.sgeaj.ch\/wp-content\/uploads\/2016\/04\/cropped-J.E_Liotard_Portrait-de-F.-Tronchin-1.jpg","contentUrl":"https:\/\/www.sgeaj.ch\/wp-content\/uploads\/2016\/04\/cropped-J.E_Liotard_Portrait-de-F.-Tronchin-1.jpg","width":940,"height":264},{"@type":"WebSite","@id":"https:\/\/www.sgeaj.ch\/fr\/#website","url":"https:\/\/www.sgeaj.ch\/fr\/","name":"Schweizerische Gesellschaft f\u00fcr die Erforschung des 18. Jahrhunderts (SGEAJ - SSEDS)","description":"Schweizerische Gesellschaft f\u00fcr die Erforschung des 18. Jahrhunderts","publisher":{"@id":"https:\/\/www.sgeaj.ch\/fr\/#organization"},"potentialAction":[{"@type":"SearchAction","target":{"@type":"EntryPoint","urlTemplate":"https:\/\/www.sgeaj.ch\/fr\/?s={search_term_string}"},"query-input":{"@type":"PropertyValueSpecification","valueRequired":true,"valueName":"search_term_string"}}],"inLanguage":"fr-FR"},{"@type":"Organization","@id":"https:\/\/www.sgeaj.ch\/fr\/#organization","name":"Schweizerische Gesellschaft f\u00fcr die Erforschung des 18. Jahrhunderts (SGEAJ - SSEDS)","url":"https:\/\/www.sgeaj.ch\/fr\/","logo":{"@type":"ImageObject","inLanguage":"fr-FR","@id":"https:\/\/www.sgeaj.ch\/fr\/#\/schema\/logo\/image\/","url":"https:\/\/www.sgeaj.ch\/wp-content\/uploads\/2021\/06\/cropped-logo-xviiies-horiz-abreuviations-bleues.png","contentUrl":"https:\/\/www.sgeaj.ch\/wp-content\/uploads\/2021\/06\/cropped-logo-xviiies-horiz-abreuviations-bleues.png","width":659,"height":335,"caption":"Schweizerische Gesellschaft f\u00fcr die Erforschung des 18. Jahrhunderts (SGEAJ - SSEDS)"},"image":{"@id":"https:\/\/www.sgeaj.ch\/fr\/#\/schema\/logo\/image\/"}}]}},"_links":{"self":[{"href":"https:\/\/www.sgeaj.ch\/fr\/wp-json\/wp\/v2\/pages\/52","targetHints":{"allow":["GET"]}}],"collection":[{"href":"https:\/\/www.sgeaj.ch\/fr\/wp-json\/wp\/v2\/pages"}],"about":[{"href":"https:\/\/www.sgeaj.ch\/fr\/wp-json\/wp\/v2\/types\/page"}],"author":[{"embeddable":true,"href":"https:\/\/www.sgeaj.ch\/fr\/wp-json\/wp\/v2\/users\/2"}],"replies":[{"embeddable":true,"href":"https:\/\/www.sgeaj.ch\/fr\/wp-json\/wp\/v2\/comments?post=52"}],"version-history":[{"count":45,"href":"https:\/\/www.sgeaj.ch\/fr\/wp-json\/wp\/v2\/pages\/52\/revisions"}],"predecessor-version":[{"id":6364,"href":"https:\/\/www.sgeaj.ch\/fr\/wp-json\/wp\/v2\/pages\/52\/revisions\/6364"}],"wp:featuredmedia":[{"embeddable":true,"href":"https:\/\/www.sgeaj.ch\/fr\/wp-json\/wp\/v2\/media\/4013"}],"wp:attachment":[{"href":"https:\/\/www.sgeaj.ch\/fr\/wp-json\/wp\/v2\/media?parent=52"}],"curies":[{"name":"wp","href":"https:\/\/api.w.org\/{rel}","templated":true}]}}

<div class="wpb-content-wrapper"><p>[vc_row][vc_column][vc_column_text]Aperçu des recherches actuelles en Suisse portant sur le dix-huitième siècle.</p>
<p>Merci de nous aider à tenir à jour cette page. Veuillez nous <a href="https://www.sgeaj.ch/fr/sseds/affiliation/" rel="noopener">envoyer</a> une brève description de votre projet de recherche en cours (max. 250 mots et 1 image jpg) et nous nous ferons un plaisir de le publier.[/vc_column_text][/vc_column][/vc_row][vc_row][vc_column css_animation= »fadeInLeft » width= »1/4&Prime;][vc_empty_space height= »40px »][vc_single_image image= »3047&Prime; img_size= »medium » style= »vc_box_outline_circle_2&Prime; onclick= »custom_link » css_animation= »none » link= »https://www.sgeaj.ch/fr/recherche/projets-de-recherche/ »][/vc_column][vc_column css_animation= »fadeInRight » width= »3/4&Prime;][vc_column_text css_animation= »none »]</p>
<h3 class="entry-title">Projets de recherche</h3>
<p>Vous trouverez ici de brefs résumés et des liens vers des projets de recherche en cours ou terminés.[/vc_column_text][vc_btn title= »Consulter les projets » style= »classic » color= »blue » link= »url:https%3A%2F%2Fwww.sgeaj.ch%2Ffr%2Frecherche%2Fprojets-de-recherche%2F »][/vc_column][/vc_row][vc_row][vc_column css_animation= »fadeInLeft » width= »1/4&Prime;][vc_empty_space height= »40px »][vc_single_image image= »2517&Prime; img_size= »medium » style= »vc_box_outline_circle_2&Prime; onclick= »custom_link » css_animation= »none » link= »https://www.sgeaj.ch/fr/recherche/programme-doctoral »][/vc_column][vc_column css_animation= »fadeInRight » width= »3/4&Prime;][vc_column_text css_animation= »none »]</p>
<h3 class="entry-title">Programme doctoral</h3>
<p>Vous trouverez ici des informations sur le programme de doctorat soutenu par la SSEDS.[/vc_column_text][vc_btn title= »Plus d&rsquo;infos » style= »classic » color= »blue » link= »url:https%3A%2F%2Fwww.sgeaj.ch%2Ffr%2Frecherche%2Fprogramme-doctoral%2F »][/vc_column][/vc_row][vc_row][vc_column css_animation= »fadeInLeft » width= »1/4&Prime;][vc_empty_space height= »40px »][vc_single_image image= »3216&Prime; img_size= »medium » style= »vc_box_outline_circle_2&Prime; onclick= »custom_link » css_animation= »none » link= »https://www.sgeaj.ch/fr/recherche/dh/ »][/vc_column][vc_column css_animation= »fadeInRight » width= »3/4&Prime;][vc_column_text css_animation= »none »]</p>
<h3 class="entry-title">Les Humanités digitales en Suisse</h3>
<p>Autour de projets dix-huitièmistes. Répertoire des plateformes et bases de données ayant trait au long XVIIIe siècle.[/vc_column_text][vc_btn title= »Voir les projets » style= »classic » color= »blue » link= »url:https%3A%2F%2Fwww.sgeaj.ch%2Ffr%2Frecherche%2Fdh%2F|title:Les%20Humanit%C3%A9s%20digitales%20en%20Suisse »][/vc_column][/vc_row][vc_row][vc_column][/vc_column][/vc_row]</p>
</div>

<p>Vous trouverez ici de brefs résumés et des liens vers des projets de recherche en cours ou terminés ainsi que des informations sur les humanités digitales.</p>

<!-- This site is optimized with the Yoast SEO plugin v26.9 - https://yoast.com/product/yoast-seo-wordpress/ -->
<title>Recherche - Schweizerische Gesellschaft für die Erforschung des 18. Jahrhunderts (SGEAJ - SSEDS)</title>
<meta name="robots" content="index, follow, max-snippet:-1, max-image-preview:large, max-video-preview:-1" />
<link rel="canonical" href="https://www.sgeaj.ch/fr/recherche/" />
<meta name="twitter:label1" content="Durée de lecture estimée" />
	<meta name="twitter:data1" content="1 minute" />
<script type="application/ld+json" class="yoast-schema-graph">{"@context":"https://schema.org","@graph":[{"@type":"WebPage","@id":"https://www.sgeaj.ch/fr/recherche/","url":"https://www.sgeaj.ch/fr/recherche/","name":"Recherche - Schweizerische Gesellschaft für die Erforschung des 18. Jahrhunderts (SGEAJ - SSEDS)","isPartOf":{"@id":"https://www.sgeaj.ch/fr/#website"},"primaryImageOfPage":{"@id":"https://www.sgeaj.ch/fr/recherche/#primaryimage"},"image":{"@id":"https://www.sgeaj.ch/fr/recherche/#primaryimage"},"thumbnailUrl":"https://www.sgeaj.ch/wp-content/uploads/2016/04/cropped-J.E_Liotard_Portrait-de-F.-Tronchin-1.jpg","datePublished":"2013-08-21T07:19:08+00:00","dateModified":"2021-04-24T15:17:25+00:00","inLanguage":"fr-FR","potentialAction":[{"@type":"ReadAction","target":["https://www.sgeaj.ch/fr/recherche/"]}]},{"@type":"ImageObject","inLanguage":"fr-FR","@id":"https://www.sgeaj.ch/fr/recherche/#primaryimage","url":"https://www.sgeaj.ch/wp-content/uploads/2016/04/cropped-J.E_Liotard_Portrait-de-F.-Tronchin-1.jpg","contentUrl":"https://www.sgeaj.ch/wp-content/uploads/2016/04/cropped-J.E_Liotard_Portrait-de-F.-Tronchin-1.jpg","width":940,"height":264},{"@type":"WebSite","@id":"https://www.sgeaj.ch/fr/#website","url":"https://www.sgeaj.ch/fr/","name":"Schweizerische Gesellschaft für die Erforschung des 18. Jahrhunderts (SGEAJ - SSEDS)","description":"Schweizerische Gesellschaft für die Erforschung des 18. Jahrhunderts","publisher":{"@id":"https://www.sgeaj.ch/fr/#organization"},"potentialAction":[{"@type":"SearchAction","target":{"@type":"EntryPoint","urlTemplate":"https://www.sgeaj.ch/fr/?s={search_term_string}"},"query-input":{"@type":"PropertyValueSpecification","valueRequired":true,"valueName":"search_term_string"}}],"inLanguage":"fr-FR"},{"@type":"Organization","@id":"https://www.sgeaj.ch/fr/#organization","name":"Schweizerische Gesellschaft für die Erforschung des 18. Jahrhunderts (SGEAJ - SSEDS)","url":"https://www.sgeaj.ch/fr/","logo":{"@type":"ImageObject","inLanguage":"fr-FR","@id":"https://www.sgeaj.ch/fr/#/schema/logo/image/","url":"https://www.sgeaj.ch/wp-content/uploads/2021/06/cropped-logo-xviiies-horiz-abreuviations-bleues.png","contentUrl":"https://www.sgeaj.ch/wp-content/uploads/2021/06/cropped-logo-xviiies-horiz-abreuviations-bleues.png","width":659,"height":335,"caption":"Schweizerische Gesellschaft für die Erforschung des 18. Jahrhunderts (SGEAJ - SSEDS)"},"image":{"@id":"https://www.sgeaj.ch/fr/#/schema/logo/image/"}}]}</script>
<!-- / Yoast SEO plugin. -->

Recherche - Schweizerische Gesellschaft für die Erforschung des 18. Jahrhunderts (SGEAJ - SSEDS)

Schweizerische Gesellschaft für die Erforschung des 18. Jahrhunderts (SGEAJ - SSEDS)

Schweizerische Gesellschaft für die Erforschung des 18. Jahrhunderts
