{"id":848,"date":"2014-08-12T13:34:20","date_gmt":"2014-08-12T11:34:20","guid":{"rendered":"https:\/\/www.sgeaj.ch\/?page_id=848"},"modified":"2021-04-01T17:36:03","modified_gmt":"2021-04-01T15:36:03","slug":"editions-textes","status":"publish","type":"page","link":"https:\/\/www.sgeaj.ch\/fr\/publications\/travaux-sur-la-suisse-des-lumieres\/editions-textes\/","title":{"rendered":"Travaux sur la Suisse des Lumi\u00e8res &#8211; Editions de textes"},"content":{"rendered":"<div class=\"wpb-content-wrapper\"><p>[vc_row][vc_column][vc_column_text]Avec la cr\u00e9ation de cette s\u00e9rie, la Soci\u00e9t\u00e9 suisse pour l\u2019\u00e9tude du XVIIIe si\u00e8cle cr\u00e9e son nouveau vaisseau pour les publications sur la Suisse au si\u00e8cle des Lumi\u00e8res. Il est pr\u00e9vu de publier les textes sources \u00e0 intervalles irr\u00e9guliers.[\/vc_column_text][vc_column_text]<\/p>\n<h2>Num\u00e9ros parus<\/h2>\n<p>[\/vc_column_text][vc_basic_grid post_type=\u00a0\u00bbpost\u00a0\u00bb max_items=\u00a0\u00bb-1&Prime; element_width=\u00a0\u00bb3&Prime; item=\u00a0\u00bb5052&Prime; grid_id=\u00a0\u00bbvc_gid:1617290688178-c25fa7ff3aa0328787773cb3f13c593f-9&Prime; taxonomies=\u00a0\u00bb39&Prime;][\/vc_column][\/vc_row]<\/p>\n<\/div>","protected":false},"excerpt":{"rendered":"<p>[vc_row][vc_column][vc_column_text]Avec la cr\u00e9ation de cette s\u00e9rie, la Soci\u00e9t\u00e9 suisse pour l\u2019\u00e9tude du XVIIIe si\u00e8cle cr\u00e9e son nouveau vaisseau pour les publications sur la Suisse au si\u00e8cle des Lumi\u00e8res. Il est pr\u00e9vu de publier les textes sources \u00e0 intervalles irr\u00e9guliers.[\/vc_column_text][vc_column_text] Num\u00e9ros parus [\/vc_column_text][vc_basic_grid post_type=\u00a0\u00bbpost\u00a0\u00bb max_items=\u00a0\u00bb-1&Prime; element_width=\u00a0\u00bb3&Prime; item=\u00a0\u00bb5052&Prime; grid_id=\u00a0\u00bbvc_gid:1617290688178-c25fa7ff3aa0328787773cb3f13c593f-9&Prime; taxonomies=\u00a0\u00bb39&Prime;][\/vc_column][\/vc_row]<\/p>\n","protected":false},"author":2,"featured_media":5522,"parent":344,"menu_order":1,"comment_status":"closed","ping_status":"closed","template":"","meta":{"footnotes":""},"class_list":["post-848","page","type-page","status-publish","has-post-thumbnail","czr-hentry"],"yoast_head":"<!-- This site is optimized with the Yoast SEO plugin v26.9 - https:\/\/yoast.com\/product\/yoast-seo-wordpress\/ -->\n<title>Travaux sur la Suisse des Lumi\u00e8res - Editions de textes - Schweizerische Gesellschaft f\u00fcr die Erforschung des 18. Jahrhunderts (SGEAJ - SSEDS)<\/title>\n<meta name=\"robots\" content=\"index, follow, max-snippet:-1, max-image-preview:large, max-video-preview:-1\" \/>\n<link rel=\"canonical\" href=\"https:\/\/www.sgeaj.ch\/fr\/publications\/travaux-sur-la-suisse-des-lumieres\/editions-textes\/\" \/>\n<meta name=\"twitter:label1\" content=\"Dur\u00e9e de lecture estim\u00e9e\" \/>\n\t<meta name=\"twitter:data1\" content=\"1 minute\" \/>\n<script type=\"application\/ld+json\" class=\"yoast-schema-graph\">{\"@context\":\"https:\/\/schema.org\",\"@graph\":[{\"@type\":\"WebPage\",\"@id\":\"https:\/\/www.sgeaj.ch\/fr\/publications\/travaux-sur-la-suisse-des-lumieres\/editions-textes\/\",\"url\":\"https:\/\/www.sgeaj.ch\/fr\/publications\/travaux-sur-la-suisse-des-lumieres\/editions-textes\/\",\"name\":\"Travaux sur la Suisse des Lumi\u00e8res - Editions de textes - Schweizerische Gesellschaft f\u00fcr die Erforschung des 18. Jahrhunderts (SGEAJ - SSEDS)\",\"isPartOf\":{\"@id\":\"https:\/\/www.sgeaj.ch\/fr\/#website\"},\"primaryImageOfPage\":{\"@id\":\"https:\/\/www.sgeaj.ch\/fr\/publications\/travaux-sur-la-suisse-des-lumieres\/editions-textes\/#primaryimage\"},\"image\":{\"@id\":\"https:\/\/www.sgeaj.ch\/fr\/publications\/travaux-sur-la-suisse-des-lumieres\/editions-textes\/#primaryimage\"},\"thumbnailUrl\":\"https:\/\/www.sgeaj.ch\/wp-content\/uploads\/2015\/03\/proxy-image-3.jpg\",\"datePublished\":\"2014-08-12T11:34:20+00:00\",\"dateModified\":\"2021-04-01T15:36:03+00:00\",\"breadcrumb\":{\"@id\":\"https:\/\/www.sgeaj.ch\/fr\/publications\/travaux-sur-la-suisse-des-lumieres\/editions-textes\/#breadcrumb\"},\"inLanguage\":\"fr-FR\",\"potentialAction\":[{\"@type\":\"ReadAction\",\"target\":[\"https:\/\/www.sgeaj.ch\/fr\/publications\/travaux-sur-la-suisse-des-lumieres\/editions-textes\/\"]}]},{\"@type\":\"ImageObject\",\"inLanguage\":\"fr-FR\",\"@id\":\"https:\/\/www.sgeaj.ch\/fr\/publications\/travaux-sur-la-suisse-des-lumieres\/editions-textes\/#primaryimage\",\"url\":\"https:\/\/www.sgeaj.ch\/wp-content\/uploads\/2015\/03\/proxy-image-3.jpg\",\"contentUrl\":\"https:\/\/www.sgeaj.ch\/wp-content\/uploads\/2015\/03\/proxy-image-3.jpg\",\"width\":1246,\"height\":670},{\"@type\":\"BreadcrumbList\",\"@id\":\"https:\/\/www.sgeaj.ch\/fr\/publications\/travaux-sur-la-suisse-des-lumieres\/editions-textes\/#breadcrumb\",\"itemListElement\":[{\"@type\":\"ListItem\",\"position\":1,\"name\":\"Publications\",\"item\":\"https:\/\/www.sgeaj.ch\/fr\/publications\/\"},{\"@type\":\"ListItem\",\"position\":2,\"name\":\"Travaux sur la Suisse des Lumi\u00e8res\",\"item\":\"https:\/\/www.sgeaj.ch\/fr\/publications\/travaux-sur-la-suisse-des-lumieres\/\"},{\"@type\":\"ListItem\",\"position\":3,\"name\":\"Travaux sur la Suisse des Lumi\u00e8res &#8211; Editions de textes\"}]},{\"@type\":\"WebSite\",\"@id\":\"https:\/\/www.sgeaj.ch\/fr\/#website\",\"url\":\"https:\/\/www.sgeaj.ch\/fr\/\",\"name\":\"Schweizerische Gesellschaft f\u00fcr die Erforschung des 18. Jahrhunderts (SGEAJ - SSEDS)\",\"description\":\"Schweizerische Gesellschaft f\u00fcr die Erforschung des 18. Jahrhunderts\",\"publisher\":{\"@id\":\"https:\/\/www.sgeaj.ch\/fr\/#organization\"},\"potentialAction\":[{\"@type\":\"SearchAction\",\"target\":{\"@type\":\"EntryPoint\",\"urlTemplate\":\"https:\/\/www.sgeaj.ch\/fr\/?s={search_term_string}\"},\"query-input\":{\"@type\":\"PropertyValueSpecification\",\"valueRequired\":true,\"valueName\":\"search_term_string\"}}],\"inLanguage\":\"fr-FR\"},{\"@type\":\"Organization\",\"@id\":\"https:\/\/www.sgeaj.ch\/fr\/#organization\",\"name\":\"Schweizerische Gesellschaft f\u00fcr die Erforschung des 18. Jahrhunderts (SGEAJ - SSEDS)\",\"url\":\"https:\/\/www.sgeaj.ch\/fr\/\",\"logo\":{\"@type\":\"ImageObject\",\"inLanguage\":\"fr-FR\",\"@id\":\"https:\/\/www.sgeaj.ch\/fr\/#\/schema\/logo\/image\/\",\"url\":\"https:\/\/www.sgeaj.ch\/wp-content\/uploads\/2021\/06\/cropped-logo-xviiies-horiz-abreuviations-bleues.png\",\"contentUrl\":\"https:\/\/www.sgeaj.ch\/wp-content\/uploads\/2021\/06\/cropped-logo-xviiies-horiz-abreuviations-bleues.png\",\"width\":659,\"height\":335,\"caption\":\"Schweizerische Gesellschaft f\u00fcr die Erforschung des 18. Jahrhunderts (SGEAJ - SSEDS)\"},\"image\":{\"@id\":\"https:\/\/www.sgeaj.ch\/fr\/#\/schema\/logo\/image\/\"}}]}<\/script>\n<!-- \/ Yoast SEO plugin. -->","yoast_head_json":{"title":"Travaux sur la Suisse des Lumi\u00e8res - Editions de textes - Schweizerische Gesellschaft f\u00fcr die Erforschung des 18. Jahrhunderts (SGEAJ - SSEDS)","robots":{"index":"index","follow":"follow","max-snippet":"max-snippet:-1","max-image-preview":"max-image-preview:large","max-video-preview":"max-video-preview:-1"},"canonical":"https:\/\/www.sgeaj.ch\/fr\/publications\/travaux-sur-la-suisse-des-lumieres\/editions-textes\/","twitter_misc":{"Dur\u00e9e de lecture estim\u00e9e":"1 minute"},"schema":{"@context":"https:\/\/schema.org","@graph":[{"@type":"WebPage","@id":"https:\/\/www.sgeaj.ch\/fr\/publications\/travaux-sur-la-suisse-des-lumieres\/editions-textes\/","url":"https:\/\/www.sgeaj.ch\/fr\/publications\/travaux-sur-la-suisse-des-lumieres\/editions-textes\/","name":"Travaux sur la Suisse des Lumi\u00e8res - Editions de textes - Schweizerische Gesellschaft f\u00fcr die Erforschung des 18. Jahrhunderts (SGEAJ - SSEDS)","isPartOf":{"@id":"https:\/\/www.sgeaj.ch\/fr\/#website"},"primaryImageOfPage":{"@id":"https:\/\/www.sgeaj.ch\/fr\/publications\/travaux-sur-la-suisse-des-lumieres\/editions-textes\/#primaryimage"},"image":{"@id":"https:\/\/www.sgeaj.ch\/fr\/publications\/travaux-sur-la-suisse-des-lumieres\/editions-textes\/#primaryimage"},"thumbnailUrl":"https:\/\/www.sgeaj.ch\/wp-content\/uploads\/2015\/03\/proxy-image-3.jpg","datePublished":"2014-08-12T11:34:20+00:00","dateModified":"2021-04-01T15:36:03+00:00","breadcrumb":{"@id":"https:\/\/www.sgeaj.ch\/fr\/publications\/travaux-sur-la-suisse-des-lumieres\/editions-textes\/#breadcrumb"},"inLanguage":"fr-FR","potentialAction":[{"@type":"ReadAction","target":["https:\/\/www.sgeaj.ch\/fr\/publications\/travaux-sur-la-suisse-des-lumieres\/editions-textes\/"]}]},{"@type":"ImageObject","inLanguage":"fr-FR","@id":"https:\/\/www.sgeaj.ch\/fr\/publications\/travaux-sur-la-suisse-des-lumieres\/editions-textes\/#primaryimage","url":"https:\/\/www.sgeaj.ch\/wp-content\/uploads\/2015\/03\/proxy-image-3.jpg","contentUrl":"https:\/\/www.sgeaj.ch\/wp-content\/uploads\/2015\/03\/proxy-image-3.jpg","width":1246,"height":670},{"@type":"BreadcrumbList","@id":"https:\/\/www.sgeaj.ch\/fr\/publications\/travaux-sur-la-suisse-des-lumieres\/editions-textes\/#breadcrumb","itemListElement":[{"@type":"ListItem","position":1,"name":"Publications","item":"https:\/\/www.sgeaj.ch\/fr\/publications\/"},{"@type":"ListItem","position":2,"name":"Travaux sur la Suisse des Lumi\u00e8res","item":"https:\/\/www.sgeaj.ch\/fr\/publications\/travaux-sur-la-suisse-des-lumieres\/"},{"@type":"ListItem","position":3,"name":"Travaux sur la Suisse des Lumi\u00e8res &#8211; Editions de textes"}]},{"@type":"WebSite","@id":"https:\/\/www.sgeaj.ch\/fr\/#website","url":"https:\/\/www.sgeaj.ch\/fr\/","name":"Schweizerische Gesellschaft f\u00fcr die Erforschung des 18. Jahrhunderts (SGEAJ - SSEDS)","description":"Schweizerische Gesellschaft f\u00fcr die Erforschung des 18. Jahrhunderts","publisher":{"@id":"https:\/\/www.sgeaj.ch\/fr\/#organization"},"potentialAction":[{"@type":"SearchAction","target":{"@type":"EntryPoint","urlTemplate":"https:\/\/www.sgeaj.ch\/fr\/?s={search_term_string}"},"query-input":{"@type":"PropertyValueSpecification","valueRequired":true,"valueName":"search_term_string"}}],"inLanguage":"fr-FR"},{"@type":"Organization","@id":"https:\/\/www.sgeaj.ch\/fr\/#organization","name":"Schweizerische Gesellschaft f\u00fcr die Erforschung des 18. Jahrhunderts (SGEAJ - SSEDS)","url":"https:\/\/www.sgeaj.ch\/fr\/","logo":{"@type":"ImageObject","inLanguage":"fr-FR","@id":"https:\/\/www.sgeaj.ch\/fr\/#\/schema\/logo\/image\/","url":"https:\/\/www.sgeaj.ch\/wp-content\/uploads\/2021\/06\/cropped-logo-xviiies-horiz-abreuviations-bleues.png","contentUrl":"https:\/\/www.sgeaj.ch\/wp-content\/uploads\/2021\/06\/cropped-logo-xviiies-horiz-abreuviations-bleues.png","width":659,"height":335,"caption":"Schweizerische Gesellschaft f\u00fcr die Erforschung des 18. Jahrhunderts (SGEAJ - SSEDS)"},"image":{"@id":"https:\/\/www.sgeaj.ch\/fr\/#\/schema\/logo\/image\/"}}]}},"_links":{"self":[{"href":"https:\/\/www.sgeaj.ch\/fr\/wp-json\/wp\/v2\/pages\/848","targetHints":{"allow":["GET"]}}],"collection":[{"href":"https:\/\/www.sgeaj.ch\/fr\/wp-json\/wp\/v2\/pages"}],"about":[{"href":"https:\/\/www.sgeaj.ch\/fr\/wp-json\/wp\/v2\/types\/page"}],"author":[{"embeddable":true,"href":"https:\/\/www.sgeaj.ch\/fr\/wp-json\/wp\/v2\/users\/2"}],"replies":[{"embeddable":true,"href":"https:\/\/www.sgeaj.ch\/fr\/wp-json\/wp\/v2\/comments?post=848"}],"version-history":[{"count":28,"href":"https:\/\/www.sgeaj.ch\/fr\/wp-json\/wp\/v2\/pages\/848\/revisions"}],"predecessor-version":[{"id":5831,"href":"https:\/\/www.sgeaj.ch\/fr\/wp-json\/wp\/v2\/pages\/848\/revisions\/5831"}],"up":[{"embeddable":true,"href":"https:\/\/www.sgeaj.ch\/fr\/wp-json\/wp\/v2\/pages\/344"}],"wp:featuredmedia":[{"embeddable":true,"href":"https:\/\/www.sgeaj.ch\/fr\/wp-json\/wp\/v2\/media\/5522"}],"wp:attachment":[{"href":"https:\/\/www.sgeaj.ch\/fr\/wp-json\/wp\/v2\/media?parent=848"}],"curies":[{"name":"wp","href":"https:\/\/api.w.org\/{rel}","templated":true}]}}

Travaux sur la Suisse des Lumières &#8211; Editions de textes

<div class="wpb-content-wrapper"><p>[vc_row][vc_column][vc_column_text]Avec la création de cette série, la Société suisse pour l’étude du XVIIIe siècle crée son nouveau vaisseau pour les publications sur la Suisse au siècle des Lumières. Il est prévu de publier les textes sources à intervalles irréguliers.[/vc_column_text][vc_column_text]</p>
<h2>Numéros parus</h2>
<p>[/vc_column_text][vc_basic_grid post_type= »post » max_items= »-1&Prime; element_width= »3&Prime; item= »5052&Prime; grid_id= »vc_gid:1617290688178-c25fa7ff3aa0328787773cb3f13c593f-9&Prime; taxonomies= »39&Prime;][/vc_column][/vc_row]</p>
</div>

<p>[vc_row][vc_column][vc_column_text]Avec la création de cette série, la Société suisse pour l’étude du XVIIIe siècle crée son nouveau vaisseau pour les publications sur la Suisse au siècle des Lumières. Il est prévu de publier les textes sources à intervalles irréguliers.[/vc_column_text][vc_column_text] Numéros parus [/vc_column_text][vc_basic_grid post_type= »post » max_items= »-1&Prime; element_width= »3&Prime; item= »5052&Prime; grid_id= »vc_gid:1617290688178-c25fa7ff3aa0328787773cb3f13c593f-9&Prime; taxonomies= »39&Prime;][/vc_column][/vc_row]</p>

<!-- This site is optimized with the Yoast SEO plugin v26.9 - https://yoast.com/product/yoast-seo-wordpress/ -->
<title>Travaux sur la Suisse des Lumières - Editions de textes - Schweizerische Gesellschaft für die Erforschung des 18. Jahrhunderts (SGEAJ - SSEDS)</title>
<meta name="robots" content="index, follow, max-snippet:-1, max-image-preview:large, max-video-preview:-1" />
<link rel="canonical" href="https://www.sgeaj.ch/fr/publications/travaux-sur-la-suisse-des-lumieres/editions-textes/" />
<meta name="twitter:label1" content="Durée de lecture estimée" />
	<meta name="twitter:data1" content="1 minute" />
<script type="application/ld+json" class="yoast-schema-graph">{"@context":"https://schema.org","@graph":[{"@type":"WebPage","@id":"https://www.sgeaj.ch/fr/publications/travaux-sur-la-suisse-des-lumieres/editions-textes/","url":"https://www.sgeaj.ch/fr/publications/travaux-sur-la-suisse-des-lumieres/editions-textes/","name":"Travaux sur la Suisse des Lumières - Editions de textes - Schweizerische Gesellschaft für die Erforschung des 18. Jahrhunderts (SGEAJ - SSEDS)","isPartOf":{"@id":"https://www.sgeaj.ch/fr/#website"},"primaryImageOfPage":{"@id":"https://www.sgeaj.ch/fr/publications/travaux-sur-la-suisse-des-lumieres/editions-textes/#primaryimage"},"image":{"@id":"https://www.sgeaj.ch/fr/publications/travaux-sur-la-suisse-des-lumieres/editions-textes/#primaryimage"},"thumbnailUrl":"https://www.sgeaj.ch/wp-content/uploads/2015/03/proxy-image-3.jpg","datePublished":"2014-08-12T11:34:20+00:00","dateModified":"2021-04-01T15:36:03+00:00","breadcrumb":{"@id":"https://www.sgeaj.ch/fr/publications/travaux-sur-la-suisse-des-lumieres/editions-textes/#breadcrumb"},"inLanguage":"fr-FR","potentialAction":[{"@type":"ReadAction","target":["https://www.sgeaj.ch/fr/publications/travaux-sur-la-suisse-des-lumieres/editions-textes/"]}]},{"@type":"ImageObject","inLanguage":"fr-FR","@id":"https://www.sgeaj.ch/fr/publications/travaux-sur-la-suisse-des-lumieres/editions-textes/#primaryimage","url":"https://www.sgeaj.ch/wp-content/uploads/2015/03/proxy-image-3.jpg","contentUrl":"https://www.sgeaj.ch/wp-content/uploads/2015/03/proxy-image-3.jpg","width":1246,"height":670},{"@type":"BreadcrumbList","@id":"https://www.sgeaj.ch/fr/publications/travaux-sur-la-suisse-des-lumieres/editions-textes/#breadcrumb","itemListElement":[{"@type":"ListItem","position":1,"name":"Publications","item":"https://www.sgeaj.ch/fr/publications/"},{"@type":"ListItem","position":2,"name":"Travaux sur la Suisse des Lumières","item":"https://www.sgeaj.ch/fr/publications/travaux-sur-la-suisse-des-lumieres/"},{"@type":"ListItem","position":3,"name":"Travaux sur la Suisse des Lumières &#8211; Editions de textes"}]},{"@type":"WebSite","@id":"https://www.sgeaj.ch/fr/#website","url":"https://www.sgeaj.ch/fr/","name":"Schweizerische Gesellschaft für die Erforschung des 18. Jahrhunderts (SGEAJ - SSEDS)","description":"Schweizerische Gesellschaft für die Erforschung des 18. Jahrhunderts","publisher":{"@id":"https://www.sgeaj.ch/fr/#organization"},"potentialAction":[{"@type":"SearchAction","target":{"@type":"EntryPoint","urlTemplate":"https://www.sgeaj.ch/fr/?s={search_term_string}"},"query-input":{"@type":"PropertyValueSpecification","valueRequired":true,"valueName":"search_term_string"}}],"inLanguage":"fr-FR"},{"@type":"Organization","@id":"https://www.sgeaj.ch/fr/#organization","name":"Schweizerische Gesellschaft für die Erforschung des 18. Jahrhunderts (SGEAJ - SSEDS)","url":"https://www.sgeaj.ch/fr/","logo":{"@type":"ImageObject","inLanguage":"fr-FR","@id":"https://www.sgeaj.ch/fr/#/schema/logo/image/","url":"https://www.sgeaj.ch/wp-content/uploads/2021/06/cropped-logo-xviiies-horiz-abreuviations-bleues.png","contentUrl":"https://www.sgeaj.ch/wp-content/uploads/2021/06/cropped-logo-xviiies-horiz-abreuviations-bleues.png","width":659,"height":335,"caption":"Schweizerische Gesellschaft für die Erforschung des 18. Jahrhunderts (SGEAJ - SSEDS)"},"image":{"@id":"https://www.sgeaj.ch/fr/#/schema/logo/image/"}}]}</script>
<!-- / Yoast SEO plugin. -->

Travaux sur la Suisse des Lumières - Editions de textes - Schweizerische Gesellschaft für die Erforschung des 18. Jahrhunderts (SGEAJ - SSEDS)

Travaux sur la Suisse des Lumières

Schweizerische Gesellschaft für die Erforschung des 18. Jahrhunderts (SGEAJ - SSEDS)

Schweizerische Gesellschaft für die Erforschung des 18. Jahrhunderts
